{"id":29664,"date":"2024-07-16T11:17:14","date_gmt":"2024-07-16T16:17:14","guid":{"rendered":"https:\/\/www.dmsjuridica.com\/buscador_20179478954\/corteconstitucionalcronologico202454587\/?page_id=29664"},"modified":"2024-07-16T11:17:14","modified_gmt":"2024-07-16T16:17:14","slug":"su-1993","status":"publish","type":"page","link":"https:\/\/www.dmsjuridica.com\/buscador_20179478954\/corteconstitucionalcronologico202454587\/su-1993\/","title":{"rendered":"SU 1993"},"content":{"rendered":"<div class=\"pt-cv-wrapper\"><div class=\"pt-cv-view pt-cv-grid pt-cv-colsys\" id=\"pt-cv-view-5cb190efqy\"><div data-id=\"pt-cv-page-1\" class=\"pt-cv-page\" data-cvc=\"1\"><div class=\"col-md-12 col-sm-12 col-xs-12 pt-cv-content-item pt-cv-1-col\" ><div class='pt-cv-ifield'><a href=\"https:\/\/www.dmsjuridica.com\/buscador_20179478954\/corteconstitucionalcronologico202454587\/su528-93\/\" class=\"_self pt-cv-href-thumbnail pt-cv-thumb-default\" target=\"_self\" ><\/a>\n<div class=\"pt-cv-taxoterm above_title\"><a href='https:\/\/www.dmsjuridica.com\/buscador_20179478954\/corteconstitucionalcronologico202454587\/category\/buscar-en-toda-la-corte\/1993\/sentencias-de-unificacion\/' title='Sentencias de Unificaci\u00f3n 1993' class='pt-cv-tax-sentencias-de-unificacion'>Sentencias de Unificaci\u00f3n 1993<\/a><\/div>\n<h4 class=\"pt-cv-title\"><a href=\"https:\/\/www.dmsjuridica.com\/buscador_20179478954\/corteconstitucionalcronologico202454587\/su528-93\/\" class=\"_self\" target=\"_self\" >SU528 93<\/a><\/h4>\n<div class=\"pt-cv-content\">SU528-93 Sentencia No. SU-528\/93 DERECHO A LA INTIMIDAD PERSONAL Y FAMILIAR\/DERECHO A LA INFORMACION PRESCRIPCION\/ACCION DE TUTELA-Improcedencia\/JUEZ DE TUTELA\/RECTIFICACION DE INFORMACION La prescripci\u00f3n de la acci\u00f3n cambiaria o de una obligaci\u00f3n no puede alegarse ante el juez de tutela ni ser reconocida por \u00e9ste, sino ante el juez competente. La tutela no es procedimiento para declarar prescripciones, ya que esta materia corresponde a una jurisdicci\u00f3n distinta de la constitucional. Y si el juez de tutela carece de jurisdicci\u00f3n, tampoco tiene competencia. Entonces, ser\u00e1 necesario que, cuando se acuda a la acci\u00f3n de tutela por supuesta violaci\u00f3n del art\u00edculo 15 C.N ...<br \/><div class=\"pt-cv-rmwrap\"><a href=\"https:\/\/www.dmsjuridica.com\/buscador_20179478954\/corteconstitucionalcronologico202454587\/su528-93\/\" class=\"_self pt-cv-readmore btn btn-success\" target=\"_self\">Ver Sentencia Completa...<\/a><\/div><\/div><\/div><\/div>\n<div class=\"col-md-12 col-sm-12 col-xs-12 pt-cv-content-item pt-cv-1-col\" ><div class='pt-cv-ifield'><a href=\"https:\/\/www.dmsjuridica.com\/buscador_20179478954\/corteconstitucionalcronologico202454587\/su491-93\/\" class=\"_self pt-cv-href-thumbnail pt-cv-thumb-default\" target=\"_self\" ><\/a>\n<div class=\"pt-cv-taxoterm above_title\"><a href='https:\/\/www.dmsjuridica.com\/buscador_20179478954\/corteconstitucionalcronologico202454587\/category\/buscar-en-toda-la-corte\/1993\/sentencias-de-unificacion\/' title='Sentencias de Unificaci\u00f3n 1993' class='pt-cv-tax-sentencias-de-unificacion'>Sentencias de Unificaci\u00f3n 1993<\/a><\/div>\n<h4 class=\"pt-cv-title\"><a href=\"https:\/\/www.dmsjuridica.com\/buscador_20179478954\/corteconstitucionalcronologico202454587\/su491-93\/\" class=\"_self\" target=\"_self\" >SU491 93<\/a><\/h4>\n<div class=\"pt-cv-content\">SU491-93 Sentencia No. SU-491\/93 SERVICIO MILITAR-Desacuartelamiento\/NASCITURUS-Protecci\u00f3n\/DERECHOS DEL NI\u00d1O El desacuartelamiento del soldado no tiene por objeto el amparo de sus derechos fundamentales, leg\u00edtimamente restringidos por el deber de prestar servicio militar, sino la protecci\u00f3n de los derechos de sus hijos pr\u00f3ximos a nacer, lo que correlativamente da lugar a la exigibilidad de deberes superiores cuya observancia resulta impostergable. MATERNIDAD-Protecci\u00f3n La asistencia y protecci\u00f3n de la maternidad, establecida como obligaci\u00f3n estatal en el art\u00edculo 43 de la Carta, busca no s\u00f3lo velar por el bienestar de la madre sino tambi\u00e9n servir de salvaguarda respecto de los derechos fundamentales del nasciturus, los ...<br \/><div class=\"pt-cv-rmwrap\"><a href=\"https:\/\/www.dmsjuridica.com\/buscador_20179478954\/corteconstitucionalcronologico202454587\/su491-93\/\" class=\"_self pt-cv-readmore btn btn-success\" target=\"_self\">Ver Sentencia Completa...<\/a><\/div><\/div><\/div><\/div>\n<div class=\"col-md-12 col-sm-12 col-xs-12 pt-cv-content-item pt-cv-1-col\" ><div class='pt-cv-ifield'><a href=\"https:\/\/www.dmsjuridica.com\/buscador_20179478954\/corteconstitucionalcronologico202454587\/su458-93\/\" class=\"_self pt-cv-href-thumbnail pt-cv-thumb-default\" target=\"_self\" ><\/a>\n<div class=\"pt-cv-taxoterm above_title\"><a href='https:\/\/www.dmsjuridica.com\/buscador_20179478954\/corteconstitucionalcronologico202454587\/category\/buscar-en-toda-la-corte\/1993\/sentencias-de-unificacion\/' title='Sentencias de Unificaci\u00f3n 1993' class='pt-cv-tax-sentencias-de-unificacion'>Sentencias de Unificaci\u00f3n 1993<\/a><\/div>\n<h4 class=\"pt-cv-title\"><a href=\"https:\/\/www.dmsjuridica.com\/buscador_20179478954\/corteconstitucionalcronologico202454587\/su458-93\/\" class=\"_self\" target=\"_self\" >SU458 93<\/a><\/h4>\n<div class=\"pt-cv-content\">SU458-93 Sentencia No. SU-458\/93 MEDIO DE DEFENSA JUDICIAL\/JURISDICCION CONTENCIOSO ADMINISTRATIVA\/CARRERA JUDICIAL Los motivos de inconformidad que el actor tiene respecto del nombramiento hecho por el Juez, son cuestiones del resorte de la Jurisdicci\u00f3n de lo Contencioso Administrativo, de conformidad con las disposiciones que otorgan a dicha jurisdicci\u00f3n la potestad de decidir sobre los \"actos administrativos\", ante el ejercicio de las llamadas acciones de nulidad o nulidad y restablecimiento del derecho. Por este aspecto, es manifiesta la impropiedad de la acci\u00f3n de tutela para la definici\u00f3n del presente asunto. CONCURSO DE MERITOS\/IGUALDAD ANTE LA LEY No es obligatorio que los nombramientos ...<br \/><div class=\"pt-cv-rmwrap\"><a href=\"https:\/\/www.dmsjuridica.com\/buscador_20179478954\/corteconstitucionalcronologico202454587\/su458-93\/\" class=\"_self pt-cv-readmore btn btn-success\" target=\"_self\">Ver Sentencia Completa...<\/a><\/div><\/div><\/div><\/div>\n<div class=\"col-md-12 col-sm-12 col-xs-12 pt-cv-content-item pt-cv-1-col\" ><div class='pt-cv-ifield'><a href=\"https:\/\/www.dmsjuridica.com\/buscador_20179478954\/corteconstitucionalcronologico202454587\/su277-93\/\" class=\"_self pt-cv-href-thumbnail pt-cv-thumb-default\" target=\"_self\" ><\/a>\n<div class=\"pt-cv-taxoterm above_title\"><a href='https:\/\/www.dmsjuridica.com\/buscador_20179478954\/corteconstitucionalcronologico202454587\/category\/buscar-en-toda-la-corte\/1993\/sentencias-de-unificacion\/' title='Sentencias de Unificaci\u00f3n 1993' class='pt-cv-tax-sentencias-de-unificacion'>Sentencias de Unificaci\u00f3n 1993<\/a><\/div>\n<h4 class=\"pt-cv-title\"><a href=\"https:\/\/www.dmsjuridica.com\/buscador_20179478954\/corteconstitucionalcronologico202454587\/su277-93\/\" class=\"_self\" target=\"_self\" >SU277 93<\/a><\/h4>\n<div class=\"pt-cv-content\">SU277-93 Sentencia No. SU-277\/93 DERECHOS FUNDAMENTALES-Regulaci\u00f3n Si bien los derechos, y particularmente los considerados como fundamentales, no se pueden desconocer en su esencia bajo ninguna situaci\u00f3n, no se vulneran cuando se regulan para su adecuado ejercicio, ni tampoco cuando se limitan por la ley o la misma Carta para viabilizar el cumplimiento de los deberes que la Constituci\u00f3n le impone a las personas en beneficio de la colectividad o al servicio del Estado. SERVICIO MILITAR-Obligaci\u00f3n\/SERVICIO MILITAR-Exenciones La Constituci\u00f3n Pol\u00edtica defiere a la ley el establecimiento y la regulaci\u00f3n de las situaciones conforme a las cuales un colombiano puede ser excluido ...<br \/><div class=\"pt-cv-rmwrap\"><a href=\"https:\/\/www.dmsjuridica.com\/buscador_20179478954\/corteconstitucionalcronologico202454587\/su277-93\/\" class=\"_self pt-cv-readmore btn btn-success\" target=\"_self\">Ver Sentencia Completa...<\/a><\/div><\/div><\/div><\/div>\n<div class=\"col-md-12 col-sm-12 col-xs-12 pt-cv-content-item pt-cv-1-col\" ><div class='pt-cv-ifield'><a href=\"https:\/\/www.dmsjuridica.com\/buscador_20179478954\/corteconstitucionalcronologico202454587\/su067-93\/\" class=\"_self pt-cv-href-thumbnail pt-cv-thumb-default\" target=\"_self\" ><\/a>\n<div class=\"pt-cv-taxoterm above_title\"><a href='https:\/\/www.dmsjuridica.com\/buscador_20179478954\/corteconstitucionalcronologico202454587\/category\/buscar-en-toda-la-corte\/1993\/sentencias-de-unificacion\/' title='Sentencias de Unificaci\u00f3n 1993' class='pt-cv-tax-sentencias-de-unificacion'>Sentencias de Unificaci\u00f3n 1993<\/a><\/div>\n<h4 class=\"pt-cv-title\"><a href=\"https:\/\/www.dmsjuridica.com\/buscador_20179478954\/corteconstitucionalcronologico202454587\/su067-93\/\" class=\"_self\" target=\"_self\" >SU067 93<\/a><\/h4>\n<div class=\"pt-cv-content\">SU067-93 Sentencia No. SU-067\/93 ACCION POPULAR-Alcance Las Acciones Populares, aunque est\u00e9n previstas para la preservaci\u00f3n y protecci\u00f3n de determinados derechos e intereses colectivos, pueden abarcar otros derechos de similar naturaleza, siempre que \u00e9stos sean definidos por la ley conforme a la Constituci\u00f3n, y no contrar\u00eden la finalidad p\u00fablica o colectiva y concreta a que quedan circunscritas estas acciones. Por su finalidad p\u00fablica, las Acciones Populares no tienen un contenido subjetivo o individual, ni pecuniario y no pueden erigirse sobre la preexistencia de un da\u00f1o que se quiera reparar, ni est\u00e1n condicionadas por ning\u00fan requisito sustancial de legitimaci\u00f3n del actor distinto ...<br \/><div class=\"pt-cv-rmwrap\"><a href=\"https:\/\/www.dmsjuridica.com\/buscador_20179478954\/corteconstitucionalcronologico202454587\/su067-93\/\" class=\"_self pt-cv-readmore btn btn-success\" target=\"_self\">Ver Sentencia Completa...<\/a><\/div><\/div><\/div><\/div><\/div><\/div><\/div>\n","protected":false},"excerpt":{"rendered":"","protected":false},"author":1,"featured_media":0,"parent":0,"menu_order":0,"comment_status":"closed","ping_status":"closed","template":"","meta":{"footnotes":""},"class_list":["post-29664","page","type-page","status-publish","hentry"],"_links":{"self":[{"href":"https:\/\/www.dmsjuridica.com\/buscador_20179478954\/corteconstitucionalcronologico202454587\/wp-json\/wp\/v2\/pages\/29664","targetHints":{"allow":["GET"]}}],"collection":[{"href":"https:\/\/www.dmsjuridica.com\/buscador_20179478954\/corteconstitucionalcronologico202454587\/wp-json\/wp\/v2\/pages"}],"about":[{"href":"https:\/\/www.dmsjuridica.com\/buscador_20179478954\/corteconstitucionalcronologico202454587\/wp-json\/wp\/v2\/types\/page"}],"author":[{"embeddable":true,"href":"https:\/\/www.dmsjuridica.com\/buscador_20179478954\/corteconstitucionalcronologico202454587\/wp-json\/wp\/v2\/users\/1"}],"replies":[{"embeddable":true,"href":"https:\/\/www.dmsjuridica.com\/buscador_20179478954\/corteconstitucionalcronologico202454587\/wp-json\/wp\/v2\/comments?post=29664"}],"version-history":[{"count":1,"href":"https:\/\/www.dmsjuridica.com\/buscador_20179478954\/corteconstitucionalcronologico202454587\/wp-json\/wp\/v2\/pages\/29664\/revisions"}],"predecessor-version":[{"id":29665,"href":"https:\/\/www.dmsjuridica.com\/buscador_20179478954\/corteconstitucionalcronologico202454587\/wp-json\/wp\/v2\/pages\/29664\/revisions\/29665"}],"wp:attachment":[{"href":"https:\/\/www.dmsjuridica.com\/buscador_20179478954\/corteconstitucionalcronologico202454587\/wp-json\/wp\/v2\/media?parent=29664"}],"curies":[{"name":"wp","href":"https:\/\/api.w.org\/{rel}","templated":true}]}}