{"id":29666,"date":"2024-07-16T11:19:17","date_gmt":"2024-07-16T16:19:17","guid":{"rendered":"https:\/\/www.dmsjuridica.com\/buscador_20179478954\/corteconstitucionalcronologico202454587\/?page_id=29666"},"modified":"2024-07-16T11:19:17","modified_gmt":"2024-07-16T16:19:17","slug":"su-1994","status":"publish","type":"page","link":"https:\/\/www.dmsjuridica.com\/buscador_20179478954\/corteconstitucionalcronologico202454587\/su-1994\/","title":{"rendered":"SU 1994"},"content":{"rendered":"<div class=\"pt-cv-wrapper\"><div class=\"pt-cv-view pt-cv-grid pt-cv-colsys\" id=\"pt-cv-view-330a84256y\"><div data-id=\"pt-cv-page-1\" class=\"pt-cv-page\" data-cvc=\"1\"><div class=\"col-md-12 col-sm-12 col-xs-12 pt-cv-content-item pt-cv-1-col\" ><div class='pt-cv-ifield'><a href=\"https:\/\/www.dmsjuridica.com\/buscador_20179478954\/corteconstitucionalcronologico202454587\/su202-94\/\" class=\"_self pt-cv-href-thumbnail pt-cv-thumb-default\" target=\"_self\" ><\/a>\n<div class=\"pt-cv-taxoterm above_title\"><a href='https:\/\/www.dmsjuridica.com\/buscador_20179478954\/corteconstitucionalcronologico202454587\/category\/buscar-en-toda-la-corte\/1994\/sentencias-de-unificacion-1994\/' title='Sentencias de Unificaci\u00f3n 1994' class='pt-cv-tax-sentencias-de-unificacion-1994'>Sentencias de Unificaci\u00f3n 1994<\/a><\/div>\n<h4 class=\"pt-cv-title\"><a href=\"https:\/\/www.dmsjuridica.com\/buscador_20179478954\/corteconstitucionalcronologico202454587\/su202-94\/\" class=\"_self\" target=\"_self\" >SU202 94<\/a><\/h4>\n<div class=\"pt-cv-content\">SU202-94 Sentencia No. SU-202\/94 ACCION DE TUTELA CONTRA ACTO DE TRAMITE\/DERECHOS FUNDAMENTALES-Protecci\u00f3n\/PERJUICIO IRREMEDIABLE\/EDIFICIOS-Construcci\u00f3n\/LICENCIA DE CONSTRUCCION-Falta de notificaci\u00f3n Aunque en principio no procede la tutela contra los actos de tr\u00e1mite o preparatorios, que simplemente se limitan a ordenar que se adelante una actuaci\u00f3n administrativa dispuesta por la ley, de manera oficiosa por la administraci\u00f3n, en ejercicio del derecho de petici\u00f3n de un particular o cuando \u00e9ste act\u00faa en cumplimiento de un deber legal, excepcionalmente, algunos actos de tr\u00e1mite o preparatorios, pueden conculcar o amenazar los derechos fundamentales de una persona, en cuyo caso, ser\u00eda procedente la acci\u00f3n de tutela como mecanismo ...<br \/><div class=\"pt-cv-rmwrap\"><a href=\"https:\/\/www.dmsjuridica.com\/buscador_20179478954\/corteconstitucionalcronologico202454587\/su202-94\/\" class=\"_self pt-cv-readmore btn btn-success\" target=\"_self\">Ver Sentencia Completa...<\/a><\/div><\/div><\/div><\/div>\n<div class=\"col-md-12 col-sm-12 col-xs-12 pt-cv-content-item pt-cv-1-col\" ><div class='pt-cv-ifield'><a href=\"https:\/\/www.dmsjuridica.com\/buscador_20179478954\/corteconstitucionalcronologico202454587\/su201-94\/\" class=\"_self pt-cv-href-thumbnail pt-cv-thumb-default\" target=\"_self\" ><\/a>\n<div class=\"pt-cv-taxoterm above_title\"><a href='https:\/\/www.dmsjuridica.com\/buscador_20179478954\/corteconstitucionalcronologico202454587\/category\/buscar-en-toda-la-corte\/1994\/sentencias-de-unificacion-1994\/' title='Sentencias de Unificaci\u00f3n 1994' class='pt-cv-tax-sentencias-de-unificacion-1994'>Sentencias de Unificaci\u00f3n 1994<\/a><\/div>\n<h4 class=\"pt-cv-title\"><a href=\"https:\/\/www.dmsjuridica.com\/buscador_20179478954\/corteconstitucionalcronologico202454587\/su201-94\/\" class=\"_self\" target=\"_self\" >SU201 94<\/a><\/h4>\n<div class=\"pt-cv-content\">SU201-94 Sentencia No. SU-201\/94 ACCION DE TUTELA CONTRA ACTO DEFINITIVO Contra los actos administrativos definitivos de las autoridades, o sea, aquellos que expresan en concreto la voluntad de la administraci\u00f3n y contienen lo que la doctrina administrativa denomina decisi\u00f3n ejecutoria, capaz de afectar la esfera jur\u00eddica de una persona determinada, en cuanto que tales actos conlleven la violaci\u00f3n o amenaza de vulneraci\u00f3n de un derecho constitucional fundamental, no procede la acci\u00f3n de tutela como mecanismo definitivo; pero si puede utilizarse como mecanismo transitorio para evitar un perjuicio irremediable. ACCION DE TUTELA CONTRA ACTO DE TRAMITE\/JUEZ DE TUTELA-Deberes Corresponde al juez ...<br \/><div class=\"pt-cv-rmwrap\"><a href=\"https:\/\/www.dmsjuridica.com\/buscador_20179478954\/corteconstitucionalcronologico202454587\/su201-94\/\" class=\"_self pt-cv-readmore btn btn-success\" target=\"_self\">Ver Sentencia Completa...<\/a><\/div><\/div><\/div><\/div><\/div><\/div><\/div>\n","protected":false},"excerpt":{"rendered":"","protected":false},"author":1,"featured_media":0,"parent":0,"menu_order":0,"comment_status":"closed","ping_status":"closed","template":"","meta":{"footnotes":""},"class_list":["post-29666","page","type-page","status-publish","hentry"],"_links":{"self":[{"href":"https:\/\/www.dmsjuridica.com\/buscador_20179478954\/corteconstitucionalcronologico202454587\/wp-json\/wp\/v2\/pages\/29666","targetHints":{"allow":["GET"]}}],"collection":[{"href":"https:\/\/www.dmsjuridica.com\/buscador_20179478954\/corteconstitucionalcronologico202454587\/wp-json\/wp\/v2\/pages"}],"about":[{"href":"https:\/\/www.dmsjuridica.com\/buscador_20179478954\/corteconstitucionalcronologico202454587\/wp-json\/wp\/v2\/types\/page"}],"author":[{"embeddable":true,"href":"https:\/\/www.dmsjuridica.com\/buscador_20179478954\/corteconstitucionalcronologico202454587\/wp-json\/wp\/v2\/users\/1"}],"replies":[{"embeddable":true,"href":"https:\/\/www.dmsjuridica.com\/buscador_20179478954\/corteconstitucionalcronologico202454587\/wp-json\/wp\/v2\/comments?post=29666"}],"version-history":[{"count":1,"href":"https:\/\/www.dmsjuridica.com\/buscador_20179478954\/corteconstitucionalcronologico202454587\/wp-json\/wp\/v2\/pages\/29666\/revisions"}],"predecessor-version":[{"id":29667,"href":"https:\/\/www.dmsjuridica.com\/buscador_20179478954\/corteconstitucionalcronologico202454587\/wp-json\/wp\/v2\/pages\/29666\/revisions\/29667"}],"wp:attachment":[{"href":"https:\/\/www.dmsjuridica.com\/buscador_20179478954\/corteconstitucionalcronologico202454587\/wp-json\/wp\/v2\/media?parent=29666"}],"curies":[{"name":"wp","href":"https:\/\/api.w.org\/{rel}","templated":true}]}}