{"id":29688,"date":"2024-07-16T11:37:25","date_gmt":"2024-07-16T16:37:25","guid":{"rendered":"https:\/\/www.dmsjuridica.com\/buscador_20179478954\/corteconstitucionalcronologico202454587\/?page_id=29688"},"modified":"2024-07-16T11:37:25","modified_gmt":"2024-07-16T16:37:25","slug":"su-2006","status":"publish","type":"page","link":"https:\/\/www.dmsjuridica.com\/buscador_20179478954\/corteconstitucionalcronologico202454587\/su-2006\/","title":{"rendered":"SU 2006"},"content":{"rendered":"<div class=\"pt-cv-wrapper\"><div class=\"pt-cv-view pt-cv-grid pt-cv-colsys\" id=\"pt-cv-view-ff48b735p9\"><div data-id=\"pt-cv-page-1\" class=\"pt-cv-page\" data-cvc=\"1\"><div class=\"col-md-12 col-sm-12 col-xs-12 pt-cv-content-item pt-cv-1-col\" ><div class='pt-cv-ifield'><a href=\"https:\/\/www.dmsjuridica.com\/buscador_20179478954\/corteconstitucionalcronologico202454587\/su901-05\/\" class=\"_self pt-cv-href-thumbnail pt-cv-thumb-default\" target=\"_self\" ><img decoding=\"async\" src=\"https:\/\/www.dmsjuridica.com\/buscador_20179478954\/corteconstitucionalcronologico202454587\/wp-content\/plugins\/content-views-query-and-display-post-page\/public\/assets\/images\/default_image.png\" class=\"pt-cv-thumbnail cv-default-img\" alt=\"SU901-05\" title=\"\" \/><\/a>\n<div class=\"pt-cv-taxoterm above_title\"><a href='https:\/\/www.dmsjuridica.com\/buscador_20179478954\/corteconstitucionalcronologico202454587\/category\/buscar-en-toda-la-corte\/2006\/sentencias-de-unificacion-2006\/' title='Sentencias de Unificaci\u00f3n 2006' class='pt-cv-tax-sentencias-de-unificacion-2006'>Sentencias de Unificaci\u00f3n 2006<\/a><\/div>\n<h4 class=\"pt-cv-title\"><a href=\"https:\/\/www.dmsjuridica.com\/buscador_20179478954\/corteconstitucionalcronologico202454587\/su901-05\/\" class=\"_self\" target=\"_self\" >SU901-05<\/a><\/h4>\n<div class=\"pt-cv-content\">\u00a0 \u00a0 Sentencia SU-901\/05 \u00a0 \u00a0\u00a0 ACCION DE TUTELA CONTRA PROVIDENCIAS JUDICIALES-Procedencia excepcional y subsidiaria \u00a0 \u00a0\u00a0 ACCION DE TUTELA CONTRA PROVIDENCIAS JUDICIALES-Clases de defectos \u00a0 \u00a0\u00a0 ACCION DE TUTELA CONTRA DECISIONES ADMINISTRATIVAS-Procedencia excepcional \u00a0 \u00a0\u00a0 De acuerdo con la doctrina constitucional, hay lugar al amparo constitucional de los derechos fundamentales vulnerados en el curso de una actuaci\u00f3n administrativa en la que materialmente se cumple la funci\u00f3n de administrar justicia, tal como ocurre, por ejemplo, con los procesos que se adelantan ante la justicia penal militar, los procesos policivos y los procesos disciplinarios que se tramitan en la Procuradur\u00eda General ...<br \/><div class=\"pt-cv-rmwrap\"><a href=\"https:\/\/www.dmsjuridica.com\/buscador_20179478954\/corteconstitucionalcronologico202454587\/su901-05\/\" class=\"_self pt-cv-readmore btn btn-success\" target=\"_self\">Ver Sentencia Completa...<\/a><\/div><\/div><\/div><\/div>\n<div class=\"col-md-12 col-sm-12 col-xs-12 pt-cv-content-item pt-cv-1-col\" ><div class='pt-cv-ifield'><a href=\"https:\/\/www.dmsjuridica.com\/buscador_20179478954\/corteconstitucionalcronologico202454587\/su881-05\/\" class=\"_self pt-cv-href-thumbnail pt-cv-thumb-default\" target=\"_self\" ><img decoding=\"async\" src=\"https:\/\/www.dmsjuridica.com\/buscador_20179478954\/corteconstitucionalcronologico202454587\/wp-content\/plugins\/content-views-query-and-display-post-page\/public\/assets\/images\/default_image.png\" class=\"pt-cv-thumbnail cv-default-img\" alt=\"SU881-05\" title=\"\" \/><\/a>\n<div class=\"pt-cv-taxoterm above_title\"><a href='https:\/\/www.dmsjuridica.com\/buscador_20179478954\/corteconstitucionalcronologico202454587\/category\/buscar-en-toda-la-corte\/2006\/sentencias-de-unificacion-2006\/' title='Sentencias de Unificaci\u00f3n 2006' class='pt-cv-tax-sentencias-de-unificacion-2006'>Sentencias de Unificaci\u00f3n 2006<\/a><\/div>\n<h4 class=\"pt-cv-title\"><a href=\"https:\/\/www.dmsjuridica.com\/buscador_20179478954\/corteconstitucionalcronologico202454587\/su881-05\/\" class=\"_self\" target=\"_self\" >SU881-05<\/a><\/h4>\n<div class=\"pt-cv-content\">\u00a0 \u00a0 Sentencia SU881\/05 \u00a0 \u00a0\u00a0 ACCION POPULAR-Incurri\u00f3 en defecto de car\u00e1cter sustantivo \u00a0 \u00a0\u00a0 ACCION DE TUTELA CONTRA PROVIDENCIAS JUDICIALES-Causales gen\u00e9ricas de procedibilidad \u00a0 \u00a0\u00a0 APLICACION DE LA LEY EN EL TIEMPO-Criterios \u00a0 \u00a0\u00a0 APLICACION DE LA LEY EN EL TIEMPO-Prohibici\u00f3n general de aplicaci\u00f3n retroactiva \u00a0 \u00a0\u00a0 La prohibici\u00f3n general de la aplicaci\u00f3n retroactiva de una norma puede verse \u00a0relacionada con el desconocimiento de la ultractividad expresamente se\u00f1alada en la ley. En efecto, en caso de que, con posterioridad a la entrada en vigencia de la norma, seg\u00fan el plazo se\u00f1alado por el legislador, se juzguen hechos sucedidos antes ...<br \/><div class=\"pt-cv-rmwrap\"><a href=\"https:\/\/www.dmsjuridica.com\/buscador_20179478954\/corteconstitucionalcronologico202454587\/su881-05\/\" class=\"_self pt-cv-readmore btn btn-success\" target=\"_self\">Ver Sentencia Completa...<\/a><\/div><\/div><\/div><\/div>\n<div class=\"col-md-12 col-sm-12 col-xs-12 pt-cv-content-item pt-cv-1-col\" ><div class='pt-cv-ifield'><a href=\"https:\/\/www.dmsjuridica.com\/buscador_20179478954\/corteconstitucionalcronologico202454587\/su713-06\/\" class=\"_self pt-cv-href-thumbnail pt-cv-thumb-default\" target=\"_self\" ><img decoding=\"async\" src=\"https:\/\/www.dmsjuridica.com\/buscador_20179478954\/corteconstitucionalcronologico202454587\/wp-content\/plugins\/content-views-query-and-display-post-page\/public\/assets\/images\/default_image.png\" class=\"pt-cv-thumbnail cv-default-img\" alt=\"SU713-06\" title=\"\" \/><\/a>\n<div class=\"pt-cv-taxoterm above_title\"><a href='https:\/\/www.dmsjuridica.com\/buscador_20179478954\/corteconstitucionalcronologico202454587\/category\/buscar-en-toda-la-corte\/2006\/sentencias-de-unificacion-2006\/' title='Sentencias de Unificaci\u00f3n 2006' class='pt-cv-tax-sentencias-de-unificacion-2006'>Sentencias de Unificaci\u00f3n 2006<\/a><\/div>\n<h4 class=\"pt-cv-title\"><a href=\"https:\/\/www.dmsjuridica.com\/buscador_20179478954\/corteconstitucionalcronologico202454587\/su713-06\/\" class=\"_self\" target=\"_self\" >SU713-06<\/a><\/h4>\n<div class=\"pt-cv-content\">\u00a0 \u00a0 Sentencia SU.713\/06 \u00a0 \u00a0\u00a0 Produced by the free evaluation copy of TotalHTMLConverter \u00a0\u00a0 ACCION DE TUTELA TEMERARIA-Inexistencia para el caso en el tr\u00e1mite del proceso licitatorio para la adjudicaci\u00f3n del contrato de concesi\u00f3n del Chance \u00a0 \u00a0\u00a0 LICITACION PUBLICA Y PLIEGO DE CONDICIONES-Consideraciones generales \u00a0 \u00a0\u00a0 ACCION DE TUTELA-Subsidiariedad \u00a0 \u00a0\u00a0 ACCION DE TUTELA-Improcedencia para resolver controversias contractuales\/ACCION DE TUTELA-Improcedencia para resolver controversias en un pliego de condiciones \u00a0 \u00a0\u00a0 PLIEGO DE CONDICIONES-Corresponde a un acto administrativo general\/JURISDICCION CONTENCIOSO ADMINISTRATIVA-Controversias sobre validez de actos precontractuales \u00a0 \u00a0\u00a0 Determinados actos precontractuales corresponden a la tipolog\u00eda de actos administrativos, generales ...<br \/><div class=\"pt-cv-rmwrap\"><a href=\"https:\/\/www.dmsjuridica.com\/buscador_20179478954\/corteconstitucionalcronologico202454587\/su713-06\/\" class=\"_self pt-cv-readmore btn btn-success\" target=\"_self\">Ver Sentencia Completa...<\/a><\/div><\/div><\/div><\/div>\n<div class=\"col-md-12 col-sm-12 col-xs-12 pt-cv-content-item pt-cv-1-col\" ><div class='pt-cv-ifield'><a href=\"https:\/\/www.dmsjuridica.com\/buscador_20179478954\/corteconstitucionalcronologico202454587\/su154-06\/\" class=\"_self pt-cv-href-thumbnail pt-cv-thumb-default\" target=\"_self\" ><img decoding=\"async\" src=\"https:\/\/www.dmsjuridica.com\/buscador_20179478954\/corteconstitucionalcronologico202454587\/wp-content\/plugins\/content-views-query-and-display-post-page\/public\/assets\/images\/default_image.png\" class=\"pt-cv-thumbnail cv-default-img\" alt=\"SU154-06\" title=\"\" \/><\/a>\n<div class=\"pt-cv-taxoterm above_title\"><a href='https:\/\/www.dmsjuridica.com\/buscador_20179478954\/corteconstitucionalcronologico202454587\/category\/buscar-en-toda-la-corte\/2006\/sentencias-de-unificacion-2006\/' title='Sentencias de Unificaci\u00f3n 2006' class='pt-cv-tax-sentencias-de-unificacion-2006'>Sentencias de Unificaci\u00f3n 2006<\/a><\/div>\n<h4 class=\"pt-cv-title\"><a href=\"https:\/\/www.dmsjuridica.com\/buscador_20179478954\/corteconstitucionalcronologico202454587\/su154-06\/\" class=\"_self\" target=\"_self\" >SU154-06<\/a><\/h4>\n<div class=\"pt-cv-content\">\u00a0 \u00a0 Sentencia SU.154\/06 \u00a0 \u00a0\u00a0 \u00a0\u00a0 ACCION DE TUTELA CONTRA CABILDO INDIGENA\/ACCION DE TUTELA TEMERARIA-Presentaci\u00f3n de varias tutelas por los mismos hechos\/ACCION DE TUTELA CONTRA ACCION DE TUTELA-Improcedencia\u00a0 \u00a0 \u00a0\u00a0 Dado que en la presente oportunidad se evidencia la presentaci\u00f3n sucesiva de dos acciones de tutela ante distintos jueces, motivadas en los mismos hechos y para la protecci\u00f3n de los mismos derechos, la Corte debe declarar la tutela como improcedente. Adicionalmente, la Sala constata la interposici\u00f3n de una tercera tutela, la intermedia en el tiempo, dirigida en contra de la primera sentencia proferida por la jurisdicci\u00f3n constitucional. Se trata ...<br \/><div class=\"pt-cv-rmwrap\"><a href=\"https:\/\/www.dmsjuridica.com\/buscador_20179478954\/corteconstitucionalcronologico202454587\/su154-06\/\" class=\"_self pt-cv-readmore btn btn-success\" target=\"_self\">Ver Sentencia Completa...<\/a><\/div><\/div><\/div><\/div><\/div><\/div><\/div>\n","protected":false},"excerpt":{"rendered":"","protected":false},"author":1,"featured_media":0,"parent":0,"menu_order":0,"comment_status":"closed","ping_status":"closed","template":"","meta":{"footnotes":""},"class_list":["post-29688","page","type-page","status-publish","hentry"],"_links":{"self":[{"href":"https:\/\/www.dmsjuridica.com\/buscador_20179478954\/corteconstitucionalcronologico202454587\/wp-json\/wp\/v2\/pages\/29688","targetHints":{"allow":["GET"]}}],"collection":[{"href":"https:\/\/www.dmsjuridica.com\/buscador_20179478954\/corteconstitucionalcronologico202454587\/wp-json\/wp\/v2\/pages"}],"about":[{"href":"https:\/\/www.dmsjuridica.com\/buscador_20179478954\/corteconstitucionalcronologico202454587\/wp-json\/wp\/v2\/types\/page"}],"author":[{"embeddable":true,"href":"https:\/\/www.dmsjuridica.com\/buscador_20179478954\/corteconstitucionalcronologico202454587\/wp-json\/wp\/v2\/users\/1"}],"replies":[{"embeddable":true,"href":"https:\/\/www.dmsjuridica.com\/buscador_20179478954\/corteconstitucionalcronologico202454587\/wp-json\/wp\/v2\/comments?post=29688"}],"version-history":[{"count":1,"href":"https:\/\/www.dmsjuridica.com\/buscador_20179478954\/corteconstitucionalcronologico202454587\/wp-json\/wp\/v2\/pages\/29688\/revisions"}],"predecessor-version":[{"id":29689,"href":"https:\/\/www.dmsjuridica.com\/buscador_20179478954\/corteconstitucionalcronologico202454587\/wp-json\/wp\/v2\/pages\/29688\/revisions\/29689"}],"wp:attachment":[{"href":"https:\/\/www.dmsjuridica.com\/buscador_20179478954\/corteconstitucionalcronologico202454587\/wp-json\/wp\/v2\/media?parent=29688"}],"curies":[{"name":"wp","href":"https:\/\/api.w.org\/{rel}","templated":true}]}}

<div class="pt-cv-wrapper"><div class="pt-cv-view pt-cv-grid pt-cv-colsys" id="pt-cv-view-ff48b735p9"><div data-id="pt-cv-page-1" class="pt-cv-page" data-cvc="1"><div class="col-md-12 col-sm-12 col-xs-12 pt-cv-content-item pt-cv-1-col" ><div class='pt-cv-ifield'><a href="https://www.dmsjuridica.com/buscador_20179478954/corteconstitucionalcronologico202454587/su901-05/" class="_self pt-cv-href-thumbnail pt-cv-thumb-default" target="_self" ><img decoding="async" src="https://www.dmsjuridica.com/buscador_20179478954/corteconstitucionalcronologico202454587/wp-content/plugins/content-views-query-and-display-post-page/public/assets/images/default_image.png" class="pt-cv-thumbnail cv-default-img" alt="SU901-05" title="" /></a>
<div class="pt-cv-taxoterm above_title"><a href='https://www.dmsjuridica.com/buscador_20179478954/corteconstitucionalcronologico202454587/category/buscar-en-toda-la-corte/2006/sentencias-de-unificacion-2006/' title='Sentencias de Unificación 2006' class='pt-cv-tax-sentencias-de-unificacion-2006'>Sentencias de Unificación 2006</a></div>
<h4 class="pt-cv-title"><a href="https://www.dmsjuridica.com/buscador_20179478954/corteconstitucionalcronologico202454587/su901-05/" class="_self" target="_self" >SU901-05</a></h4>
<div class="pt-cv-content">    Sentencia SU-901/05      ACCION DE TUTELA CONTRA PROVIDENCIAS JUDICIALES-Procedencia excepcional y subsidiaria      ACCION DE TUTELA CONTRA PROVIDENCIAS JUDICIALES-Clases de defectos      ACCION DE TUTELA CONTRA DECISIONES ADMINISTRATIVAS-Procedencia excepcional      De acuerdo con la doctrina constitucional, hay lugar al amparo constitucional de los derechos fundamentales vulnerados en el curso de una actuación administrativa en la que materialmente se cumple la función de administrar justicia, tal como ocurre, por ejemplo, con los procesos que se adelantan ante la justicia penal militar, los procesos policivos y los procesos disciplinarios que se tramitan en la Procuraduría General ...<br /><div class="pt-cv-rmwrap"><a href="https://www.dmsjuridica.com/buscador_20179478954/corteconstitucionalcronologico202454587/su901-05/" class="_self pt-cv-readmore btn btn-success" target="_self">Ver Sentencia Completa...</a></div></div></div></div>
<div class="col-md-12 col-sm-12 col-xs-12 pt-cv-content-item pt-cv-1-col" ><div class='pt-cv-ifield'><a href="https://www.dmsjuridica.com/buscador_20179478954/corteconstitucionalcronologico202454587/su881-05/" class="_self pt-cv-href-thumbnail pt-cv-thumb-default" target="_self" ><img decoding="async" src="https://www.dmsjuridica.com/buscador_20179478954/corteconstitucionalcronologico202454587/wp-content/plugins/content-views-query-and-display-post-page/public/assets/images/default_image.png" class="pt-cv-thumbnail cv-default-img" alt="SU881-05" title="" /></a>
<div class="pt-cv-taxoterm above_title"><a href='https://www.dmsjuridica.com/buscador_20179478954/corteconstitucionalcronologico202454587/category/buscar-en-toda-la-corte/2006/sentencias-de-unificacion-2006/' title='Sentencias de Unificación 2006' class='pt-cv-tax-sentencias-de-unificacion-2006'>Sentencias de Unificación 2006</a></div>
<h4 class="pt-cv-title"><a href="https://www.dmsjuridica.com/buscador_20179478954/corteconstitucionalcronologico202454587/su881-05/" class="_self" target="_self" >SU881-05</a></h4>
<div class="pt-cv-content">    Sentencia SU881/05      ACCION POPULAR-Incurrió en defecto de carácter sustantivo      ACCION DE TUTELA CONTRA PROVIDENCIAS JUDICIALES-Causales genéricas de procedibilidad      APLICACION DE LA LEY EN EL TIEMPO-Criterios      APLICACION DE LA LEY EN EL TIEMPO-Prohibición general de aplicación retroactiva      La prohibición general de la aplicación retroactiva de una norma puede verse  relacionada con el desconocimiento de la ultractividad expresamente señalada en la ley. En efecto, en caso de que, con posterioridad a la entrada en vigencia de la norma, según el plazo señalado por el legislador, se juzguen hechos sucedidos antes ...<br /><div class="pt-cv-rmwrap"><a href="https://www.dmsjuridica.com/buscador_20179478954/corteconstitucionalcronologico202454587/su881-05/" class="_self pt-cv-readmore btn btn-success" target="_self">Ver Sentencia Completa...</a></div></div></div></div>
<div class="col-md-12 col-sm-12 col-xs-12 pt-cv-content-item pt-cv-1-col" ><div class='pt-cv-ifield'><a href="https://www.dmsjuridica.com/buscador_20179478954/corteconstitucionalcronologico202454587/su713-06/" class="_self pt-cv-href-thumbnail pt-cv-thumb-default" target="_self" ><img decoding="async" src="https://www.dmsjuridica.com/buscador_20179478954/corteconstitucionalcronologico202454587/wp-content/plugins/content-views-query-and-display-post-page/public/assets/images/default_image.png" class="pt-cv-thumbnail cv-default-img" alt="SU713-06" title="" /></a>
<div class="pt-cv-taxoterm above_title"><a href='https://www.dmsjuridica.com/buscador_20179478954/corteconstitucionalcronologico202454587/category/buscar-en-toda-la-corte/2006/sentencias-de-unificacion-2006/' title='Sentencias de Unificación 2006' class='pt-cv-tax-sentencias-de-unificacion-2006'>Sentencias de Unificación 2006</a></div>
<h4 class="pt-cv-title"><a href="https://www.dmsjuridica.com/buscador_20179478954/corteconstitucionalcronologico202454587/su713-06/" class="_self" target="_self" >SU713-06</a></h4>
<div class="pt-cv-content">    Sentencia SU.713/06      Produced by the free evaluation copy of TotalHTMLConverter    ACCION DE TUTELA TEMERARIA-Inexistencia para el caso en el trámite del proceso licitatorio para la adjudicación del contrato de concesión del Chance      LICITACION PUBLICA Y PLIEGO DE CONDICIONES-Consideraciones generales      ACCION DE TUTELA-Subsidiariedad      ACCION DE TUTELA-Improcedencia para resolver controversias contractuales/ACCION DE TUTELA-Improcedencia para resolver controversias en un pliego de condiciones      PLIEGO DE CONDICIONES-Corresponde a un acto administrativo general/JURISDICCION CONTENCIOSO ADMINISTRATIVA-Controversias sobre validez de actos precontractuales      Determinados actos precontractuales corresponden a la tipología de actos administrativos, generales ...<br /><div class="pt-cv-rmwrap"><a href="https://www.dmsjuridica.com/buscador_20179478954/corteconstitucionalcronologico202454587/su713-06/" class="_self pt-cv-readmore btn btn-success" target="_self">Ver Sentencia Completa...</a></div></div></div></div>
<div class="col-md-12 col-sm-12 col-xs-12 pt-cv-content-item pt-cv-1-col" ><div class='pt-cv-ifield'><a href="https://www.dmsjuridica.com/buscador_20179478954/corteconstitucionalcronologico202454587/su154-06/" class="_self pt-cv-href-thumbnail pt-cv-thumb-default" target="_self" ><img decoding="async" src="https://www.dmsjuridica.com/buscador_20179478954/corteconstitucionalcronologico202454587/wp-content/plugins/content-views-query-and-display-post-page/public/assets/images/default_image.png" class="pt-cv-thumbnail cv-default-img" alt="SU154-06" title="" /></a>
<div class="pt-cv-taxoterm above_title"><a href='https://www.dmsjuridica.com/buscador_20179478954/corteconstitucionalcronologico202454587/category/buscar-en-toda-la-corte/2006/sentencias-de-unificacion-2006/' title='Sentencias de Unificación 2006' class='pt-cv-tax-sentencias-de-unificacion-2006'>Sentencias de Unificación 2006</a></div>
<h4 class="pt-cv-title"><a href="https://www.dmsjuridica.com/buscador_20179478954/corteconstitucionalcronologico202454587/su154-06/" class="_self" target="_self" >SU154-06</a></h4>
<div class="pt-cv-content">    Sentencia SU.154/06         ACCION DE TUTELA CONTRA CABILDO INDIGENA/ACCION DE TUTELA TEMERARIA-Presentación de varias tutelas por los mismos hechos/ACCION DE TUTELA CONTRA ACCION DE TUTELA-Improcedencia       Dado que en la presente oportunidad se evidencia la presentación sucesiva de dos acciones de tutela ante distintos jueces, motivadas en los mismos hechos y para la protección de los mismos derechos, la Corte debe declarar la tutela como improcedente. Adicionalmente, la Sala constata la interposición de una tercera tutela, la intermedia en el tiempo, dirigida en contra de la primera sentencia proferida por la jurisdicción constitucional. Se trata ...<br /><div class="pt-cv-rmwrap"><a href="https://www.dmsjuridica.com/buscador_20179478954/corteconstitucionalcronologico202454587/su154-06/" class="_self pt-cv-readmore btn btn-success" target="_self">Ver Sentencia Completa...</a></div></div></div></div></div></div></div>
