{"id":29690,"date":"2024-07-16T11:37:48","date_gmt":"2024-07-16T16:37:48","guid":{"rendered":"https:\/\/www.dmsjuridica.com\/buscador_20179478954\/corteconstitucionalcronologico202454587\/?page_id=29690"},"modified":"2024-07-16T11:37:48","modified_gmt":"2024-07-16T16:37:48","slug":"su-2007","status":"publish","type":"page","link":"https:\/\/www.dmsjuridica.com\/buscador_20179478954\/corteconstitucionalcronologico202454587\/su-2007\/","title":{"rendered":"SU 2007"},"content":{"rendered":"<div class=\"pt-cv-wrapper\"><div class=\"pt-cv-view pt-cv-grid pt-cv-colsys\" id=\"pt-cv-view-59eebe3xd3\"><div data-id=\"pt-cv-page-1\" class=\"pt-cv-page\" data-cvc=\"1\"><div class=\"col-md-12 col-sm-12 col-xs-12 pt-cv-content-item pt-cv-1-col\" ><div class='pt-cv-ifield'><a href=\"https:\/\/www.dmsjuridica.com\/buscador_20179478954\/corteconstitucionalcronologico202454587\/su891-07\/\" class=\"_self pt-cv-href-thumbnail pt-cv-thumb-default\" target=\"_self\" ><img decoding=\"async\" src=\"https:\/\/www.dmsjuridica.com\/buscador_20179478954\/corteconstitucionalcronologico202454587\/wp-content\/plugins\/content-views-query-and-display-post-page\/public\/assets\/images\/default_image.png\" class=\"pt-cv-thumbnail cv-default-img\" alt=\"SU891-07\" title=\"\" \/><\/a>\n<div class=\"pt-cv-taxoterm above_title\"><a href='https:\/\/www.dmsjuridica.com\/buscador_20179478954\/corteconstitucionalcronologico202454587\/category\/buscar-en-toda-la-corte\/2007\/sentencias-de-unificacion-2007\/' title='Sentencias de Unificaci\u00f3n 2007' class='pt-cv-tax-sentencias-de-unificacion-2007'>Sentencias de Unificaci\u00f3n 2007<\/a><\/div>\n<h4 class=\"pt-cv-title\"><a href=\"https:\/\/www.dmsjuridica.com\/buscador_20179478954\/corteconstitucionalcronologico202454587\/su891-07\/\" class=\"_self\" target=\"_self\" >SU891-07<\/a><\/h4>\n<div class=\"pt-cv-content\">\u00a0 \u00a0 Sentencia SU.891\/07 \u00a0 NOTIFICACION DE ACCION DE TUTELA-Reglas jurisprudenciales \u00a0 NOTIFICACION DE ACCION DE TUTELA-Juez de tutela no est\u00e1 obligado a ordenar la notificaci\u00f3n a todos los hipot\u00e9ticos o presuntos terceros afectados por el fallo \u00a0 NOTIFICACION DE ACCION DE TUTELA-Inexistencia de obligaci\u00f3n de notificar su inicio a tercero con inter\u00e9s leg\u00edtimo por cuanto su posici\u00f3n jur\u00eddica no se ve directamente afectada, ni jur\u00eddica, ni f\u00e1cticamente por la decisi\u00f3n \u00a0 SUPERINTENDENCIA DE SOCIEDADES-Cumple funciones jurisdiccionales frente a procesos de liquidaci\u00f3n obligatoria de sociedades mercantiles \u00a0 AUTO DE GRADUACION Y CALIFICACION DE CREDITOS-Puede ser impugnado por tutela \u00a0 ACCION ...<br \/><div class=\"pt-cv-rmwrap\"><a href=\"https:\/\/www.dmsjuridica.com\/buscador_20179478954\/corteconstitucionalcronologico202454587\/su891-07\/\" class=\"_self pt-cv-readmore btn btn-success\" target=\"_self\">Ver Sentencia Completa...<\/a><\/div><\/div><\/div><\/div>\n<div class=\"col-md-12 col-sm-12 col-xs-12 pt-cv-content-item pt-cv-1-col\" ><div class='pt-cv-ifield'><a href=\"https:\/\/www.dmsjuridica.com\/buscador_20179478954\/corteconstitucionalcronologico202454587\/su813-07\/\" class=\"_self pt-cv-href-thumbnail pt-cv-thumb-default\" target=\"_self\" ><img decoding=\"async\" src=\"https:\/\/www.dmsjuridica.com\/buscador_20179478954\/corteconstitucionalcronologico202454587\/wp-content\/plugins\/content-views-query-and-display-post-page\/public\/assets\/images\/default_image.png\" class=\"pt-cv-thumbnail cv-default-img\" alt=\"SU813-07\" title=\"\" \/><\/a>\n<div class=\"pt-cv-taxoterm above_title\"><a href='https:\/\/www.dmsjuridica.com\/buscador_20179478954\/corteconstitucionalcronologico202454587\/category\/buscar-en-toda-la-corte\/2007\/sentencias-de-unificacion-2007\/' title='Sentencias de Unificaci\u00f3n 2007' class='pt-cv-tax-sentencias-de-unificacion-2007'>Sentencias de Unificaci\u00f3n 2007<\/a><\/div>\n<h4 class=\"pt-cv-title\"><a href=\"https:\/\/www.dmsjuridica.com\/buscador_20179478954\/corteconstitucionalcronologico202454587\/su813-07\/\" class=\"_self\" target=\"_self\" >SU813-07<\/a><\/h4>\n<div class=\"pt-cv-content\">\u00a0 \u00a0 NOTA DE RELATOR\u00cdA: Mediante auto o22 de 2008 se corrige un error mecanogr\u00e1fico en el numeral d\u00e9cimo quinto de la parte resolutiva.\u00a0 \u00a0 Sentencia SU.813\/07 \u00a0 LEY 546 DE 1999-Deber del juez competente de declarar terminados todos los procesos ejecutivos hipotecarios que se encontraban en curso a 31 de diciembre de 1999 \u00a0 LEY 546 de 1999-Remanentes y\/o saldos insolutos \u00a0 VIA DE HECHO EN PROCESO EJECUTIVO-Terminaci\u00f3n del proceso por reliquidaci\u00f3n del cr\u00e9dito del sistema UPAC \u00a0 ACCION DE TUTELA CONTRA PROVIDENCIAS JUDICIALES PROFERIDAS EN EL CURSO DE PROCESOS HIPOTECARIOS-Procedencia cuando los jueces de instancia se apartan de ...<br \/><div class=\"pt-cv-rmwrap\"><a href=\"https:\/\/www.dmsjuridica.com\/buscador_20179478954\/corteconstitucionalcronologico202454587\/su813-07\/\" class=\"_self pt-cv-readmore btn btn-success\" target=\"_self\">Ver Sentencia Completa...<\/a><\/div><\/div><\/div><\/div>\n<div class=\"col-md-12 col-sm-12 col-xs-12 pt-cv-content-item pt-cv-1-col\" ><div class='pt-cv-ifield'><a href=\"https:\/\/www.dmsjuridica.com\/buscador_20179478954\/corteconstitucionalcronologico202454587\/su540-07\/\" class=\"_self pt-cv-href-thumbnail pt-cv-thumb-default\" target=\"_self\" ><img decoding=\"async\" src=\"https:\/\/www.dmsjuridica.com\/buscador_20179478954\/corteconstitucionalcronologico202454587\/wp-content\/plugins\/content-views-query-and-display-post-page\/public\/assets\/images\/default_image.png\" class=\"pt-cv-thumbnail cv-default-img\" alt=\"SU540-07\" title=\"\" \/><\/a>\n<div class=\"pt-cv-taxoterm above_title\"><a href='https:\/\/www.dmsjuridica.com\/buscador_20179478954\/corteconstitucionalcronologico202454587\/category\/buscar-en-toda-la-corte\/2007\/sentencias-de-unificacion-2007\/' title='Sentencias de Unificaci\u00f3n 2007' class='pt-cv-tax-sentencias-de-unificacion-2007'>Sentencias de Unificaci\u00f3n 2007<\/a><\/div>\n<h4 class=\"pt-cv-title\"><a href=\"https:\/\/www.dmsjuridica.com\/buscador_20179478954\/corteconstitucionalcronologico202454587\/su540-07\/\" class=\"_self\" target=\"_self\" >SU540-07<\/a><\/h4>\n<div class=\"pt-cv-content\">\u00a0 \u00a0 Sentencia SU.540\/07 \u00a0 La Universidad Santo Tom\u00e1s es una fundaci\u00f3n, sin \u00e1nimo de lucro, de utilidad com\u00fan, con personer\u00eda jur\u00eddica propia. Esta definici\u00f3n estatutaria debe llevar al entendimiento que la Universidad s\u00ed pod\u00eda comprometerse independiente de la Orden de Predicadores y que es intrascendente su convocatoria de manera directa al proceso, porque los elementos para concluir que la Universidad act\u00faa independientemente de la Orden de Predicadores en el plano jur\u00eddico-laboral, est\u00e1n en los Estatutos de la Universidad. De manera pues que, los derechos o pretensiones del actor recaen en la Universidad Santo Tom\u00e1s, m\u00e1s no en la Orden ...<br \/><div class=\"pt-cv-rmwrap\"><a href=\"https:\/\/www.dmsjuridica.com\/buscador_20179478954\/corteconstitucionalcronologico202454587\/su540-07\/\" class=\"_self pt-cv-readmore btn btn-success\" target=\"_self\">Ver Sentencia Completa...<\/a><\/div><\/div><\/div><\/div>\n<div class=\"col-md-12 col-sm-12 col-xs-12 pt-cv-content-item pt-cv-1-col\" ><div class='pt-cv-ifield'><a href=\"https:\/\/www.dmsjuridica.com\/buscador_20179478954\/corteconstitucionalcronologico202454587\/su174-07\/\" class=\"_self pt-cv-href-thumbnail pt-cv-thumb-default\" target=\"_self\" ><img decoding=\"async\" src=\"https:\/\/www.dmsjuridica.com\/buscador_20179478954\/corteconstitucionalcronologico202454587\/wp-content\/plugins\/content-views-query-and-display-post-page\/public\/assets\/images\/default_image.png\" class=\"pt-cv-thumbnail cv-default-img\" alt=\"SU174-07\" title=\"\" \/><\/a>\n<div class=\"pt-cv-taxoterm above_title\"><a href='https:\/\/www.dmsjuridica.com\/buscador_20179478954\/corteconstitucionalcronologico202454587\/category\/buscar-en-toda-la-corte\/2007\/sentencias-de-unificacion-2007\/' title='Sentencias de Unificaci\u00f3n 2007' class='pt-cv-tax-sentencias-de-unificacion-2007'>Sentencias de Unificaci\u00f3n 2007<\/a><\/div>\n<h4 class=\"pt-cv-title\"><a href=\"https:\/\/www.dmsjuridica.com\/buscador_20179478954\/corteconstitucionalcronologico202454587\/su174-07\/\" class=\"_self\" target=\"_self\" >SU174-07<\/a><\/h4>\n<div class=\"pt-cv-content\">\u00a0 \u00a0 Sentencia SU.174\/07 \u00a0 ARBITRAMENTO-Definici\u00f3n\/ARBITRAMENTO-Fundamentos constitucionales\u00a0 \u00a0 ARBITRAMENTO-Elementos de la definici\u00f3n \u00a0 En nuestro ordenamiento jur\u00eddico, el arbitramento se define a partir de dos elementos constitutivos b\u00e1sicos: (1) la funci\u00f3n principal de los \u00e1rbitros es la de resolver en forma definitiva una disputa, conflicto o controversia, de \u00edndole f\u00e1ctica o jur\u00eddica \u2013 por lo cual, desde esta perspectiva, los \u00e1rbitros cumplen una funci\u00f3n de tipo jurisdiccional; y (2) la fuente de las funciones jurisdiccionales de los \u00e1rbitros no es un acto del Estado \u2013 aunque es la Constituci\u00f3n Pol\u00edtica la que provee su fundamento \u00faltimo-, sino un contrato o ...<br \/><div class=\"pt-cv-rmwrap\"><a href=\"https:\/\/www.dmsjuridica.com\/buscador_20179478954\/corteconstitucionalcronologico202454587\/su174-07\/\" class=\"_self pt-cv-readmore btn btn-success\" target=\"_self\">Ver Sentencia Completa...<\/a><\/div><\/div><\/div><\/div><\/div><\/div><\/div>\n","protected":false},"excerpt":{"rendered":"","protected":false},"author":1,"featured_media":0,"parent":0,"menu_order":0,"comment_status":"closed","ping_status":"closed","template":"","meta":{"footnotes":""},"class_list":["post-29690","page","type-page","status-publish","hentry"],"_links":{"self":[{"href":"https:\/\/www.dmsjuridica.com\/buscador_20179478954\/corteconstitucionalcronologico202454587\/wp-json\/wp\/v2\/pages\/29690","targetHints":{"allow":["GET"]}}],"collection":[{"href":"https:\/\/www.dmsjuridica.com\/buscador_20179478954\/corteconstitucionalcronologico202454587\/wp-json\/wp\/v2\/pages"}],"about":[{"href":"https:\/\/www.dmsjuridica.com\/buscador_20179478954\/corteconstitucionalcronologico202454587\/wp-json\/wp\/v2\/types\/page"}],"author":[{"embeddable":true,"href":"https:\/\/www.dmsjuridica.com\/buscador_20179478954\/corteconstitucionalcronologico202454587\/wp-json\/wp\/v2\/users\/1"}],"replies":[{"embeddable":true,"href":"https:\/\/www.dmsjuridica.com\/buscador_20179478954\/corteconstitucionalcronologico202454587\/wp-json\/wp\/v2\/comments?post=29690"}],"version-history":[{"count":1,"href":"https:\/\/www.dmsjuridica.com\/buscador_20179478954\/corteconstitucionalcronologico202454587\/wp-json\/wp\/v2\/pages\/29690\/revisions"}],"predecessor-version":[{"id":29691,"href":"https:\/\/www.dmsjuridica.com\/buscador_20179478954\/corteconstitucionalcronologico202454587\/wp-json\/wp\/v2\/pages\/29690\/revisions\/29691"}],"wp:attachment":[{"href":"https:\/\/www.dmsjuridica.com\/buscador_20179478954\/corteconstitucionalcronologico202454587\/wp-json\/wp\/v2\/media?parent=29690"}],"curies":[{"name":"wp","href":"https:\/\/api.w.org\/{rel}","templated":true}]}}

<div class="pt-cv-wrapper"><div class="pt-cv-view pt-cv-grid pt-cv-colsys" id="pt-cv-view-59eebe3xd3"><div data-id="pt-cv-page-1" class="pt-cv-page" data-cvc="1"><div class="col-md-12 col-sm-12 col-xs-12 pt-cv-content-item pt-cv-1-col" ><div class='pt-cv-ifield'><a href="https://www.dmsjuridica.com/buscador_20179478954/corteconstitucionalcronologico202454587/su891-07/" class="_self pt-cv-href-thumbnail pt-cv-thumb-default" target="_self" ><img decoding="async" src="https://www.dmsjuridica.com/buscador_20179478954/corteconstitucionalcronologico202454587/wp-content/plugins/content-views-query-and-display-post-page/public/assets/images/default_image.png" class="pt-cv-thumbnail cv-default-img" alt="SU891-07" title="" /></a>
<div class="pt-cv-taxoterm above_title"><a href='https://www.dmsjuridica.com/buscador_20179478954/corteconstitucionalcronologico202454587/category/buscar-en-toda-la-corte/2007/sentencias-de-unificacion-2007/' title='Sentencias de Unificación 2007' class='pt-cv-tax-sentencias-de-unificacion-2007'>Sentencias de Unificación 2007</a></div>
<h4 class="pt-cv-title"><a href="https://www.dmsjuridica.com/buscador_20179478954/corteconstitucionalcronologico202454587/su891-07/" class="_self" target="_self" >SU891-07</a></h4>
<div class="pt-cv-content">    Sentencia SU.891/07   NOTIFICACION DE ACCION DE TUTELA-Reglas jurisprudenciales   NOTIFICACION DE ACCION DE TUTELA-Juez de tutela no está obligado a ordenar la notificación a todos los hipotéticos o presuntos terceros afectados por el fallo   NOTIFICACION DE ACCION DE TUTELA-Inexistencia de obligación de notificar su inicio a tercero con interés legítimo por cuanto su posición jurídica no se ve directamente afectada, ni jurídica, ni fácticamente por la decisión   SUPERINTENDENCIA DE SOCIEDADES-Cumple funciones jurisdiccionales frente a procesos de liquidación obligatoria de sociedades mercantiles   AUTO DE GRADUACION Y CALIFICACION DE CREDITOS-Puede ser impugnado por tutela   ACCION ...<br /><div class="pt-cv-rmwrap"><a href="https://www.dmsjuridica.com/buscador_20179478954/corteconstitucionalcronologico202454587/su891-07/" class="_self pt-cv-readmore btn btn-success" target="_self">Ver Sentencia Completa...</a></div></div></div></div>
<div class="col-md-12 col-sm-12 col-xs-12 pt-cv-content-item pt-cv-1-col" ><div class='pt-cv-ifield'><a href="https://www.dmsjuridica.com/buscador_20179478954/corteconstitucionalcronologico202454587/su813-07/" class="_self pt-cv-href-thumbnail pt-cv-thumb-default" target="_self" ><img decoding="async" src="https://www.dmsjuridica.com/buscador_20179478954/corteconstitucionalcronologico202454587/wp-content/plugins/content-views-query-and-display-post-page/public/assets/images/default_image.png" class="pt-cv-thumbnail cv-default-img" alt="SU813-07" title="" /></a>
<div class="pt-cv-taxoterm above_title"><a href='https://www.dmsjuridica.com/buscador_20179478954/corteconstitucionalcronologico202454587/category/buscar-en-toda-la-corte/2007/sentencias-de-unificacion-2007/' title='Sentencias de Unificación 2007' class='pt-cv-tax-sentencias-de-unificacion-2007'>Sentencias de Unificación 2007</a></div>
<h4 class="pt-cv-title"><a href="https://www.dmsjuridica.com/buscador_20179478954/corteconstitucionalcronologico202454587/su813-07/" class="_self" target="_self" >SU813-07</a></h4>
<div class="pt-cv-content">    NOTA DE RELATORÍA: Mediante auto o22 de 2008 se corrige un error mecanográfico en el numeral décimo quinto de la parte resolutiva.    Sentencia SU.813/07   LEY 546 DE 1999-Deber del juez competente de declarar terminados todos los procesos ejecutivos hipotecarios que se encontraban en curso a 31 de diciembre de 1999   LEY 546 de 1999-Remanentes y/o saldos insolutos   VIA DE HECHO EN PROCESO EJECUTIVO-Terminación del proceso por reliquidación del crédito del sistema UPAC   ACCION DE TUTELA CONTRA PROVIDENCIAS JUDICIALES PROFERIDAS EN EL CURSO DE PROCESOS HIPOTECARIOS-Procedencia cuando los jueces de instancia se apartan de ...<br /><div class="pt-cv-rmwrap"><a href="https://www.dmsjuridica.com/buscador_20179478954/corteconstitucionalcronologico202454587/su813-07/" class="_self pt-cv-readmore btn btn-success" target="_self">Ver Sentencia Completa...</a></div></div></div></div>
<div class="col-md-12 col-sm-12 col-xs-12 pt-cv-content-item pt-cv-1-col" ><div class='pt-cv-ifield'><a href="https://www.dmsjuridica.com/buscador_20179478954/corteconstitucionalcronologico202454587/su540-07/" class="_self pt-cv-href-thumbnail pt-cv-thumb-default" target="_self" ><img decoding="async" src="https://www.dmsjuridica.com/buscador_20179478954/corteconstitucionalcronologico202454587/wp-content/plugins/content-views-query-and-display-post-page/public/assets/images/default_image.png" class="pt-cv-thumbnail cv-default-img" alt="SU540-07" title="" /></a>
<div class="pt-cv-taxoterm above_title"><a href='https://www.dmsjuridica.com/buscador_20179478954/corteconstitucionalcronologico202454587/category/buscar-en-toda-la-corte/2007/sentencias-de-unificacion-2007/' title='Sentencias de Unificación 2007' class='pt-cv-tax-sentencias-de-unificacion-2007'>Sentencias de Unificación 2007</a></div>
<h4 class="pt-cv-title"><a href="https://www.dmsjuridica.com/buscador_20179478954/corteconstitucionalcronologico202454587/su540-07/" class="_self" target="_self" >SU540-07</a></h4>
<div class="pt-cv-content">    Sentencia SU.540/07   La Universidad Santo Tomás es una fundación, sin ánimo de lucro, de utilidad común, con personería jurídica propia. Esta definición estatutaria debe llevar al entendimiento que la Universidad sí podía comprometerse independiente de la Orden de Predicadores y que es intrascendente su convocatoria de manera directa al proceso, porque los elementos para concluir que la Universidad actúa independientemente de la Orden de Predicadores en el plano jurídico-laboral, están en los Estatutos de la Universidad. De manera pues que, los derechos o pretensiones del actor recaen en la Universidad Santo Tomás, más no en la Orden ...<br /><div class="pt-cv-rmwrap"><a href="https://www.dmsjuridica.com/buscador_20179478954/corteconstitucionalcronologico202454587/su540-07/" class="_self pt-cv-readmore btn btn-success" target="_self">Ver Sentencia Completa...</a></div></div></div></div>
<div class="col-md-12 col-sm-12 col-xs-12 pt-cv-content-item pt-cv-1-col" ><div class='pt-cv-ifield'><a href="https://www.dmsjuridica.com/buscador_20179478954/corteconstitucionalcronologico202454587/su174-07/" class="_self pt-cv-href-thumbnail pt-cv-thumb-default" target="_self" ><img decoding="async" src="https://www.dmsjuridica.com/buscador_20179478954/corteconstitucionalcronologico202454587/wp-content/plugins/content-views-query-and-display-post-page/public/assets/images/default_image.png" class="pt-cv-thumbnail cv-default-img" alt="SU174-07" title="" /></a>
<div class="pt-cv-taxoterm above_title"><a href='https://www.dmsjuridica.com/buscador_20179478954/corteconstitucionalcronologico202454587/category/buscar-en-toda-la-corte/2007/sentencias-de-unificacion-2007/' title='Sentencias de Unificación 2007' class='pt-cv-tax-sentencias-de-unificacion-2007'>Sentencias de Unificación 2007</a></div>
<h4 class="pt-cv-title"><a href="https://www.dmsjuridica.com/buscador_20179478954/corteconstitucionalcronologico202454587/su174-07/" class="_self" target="_self" >SU174-07</a></h4>
<div class="pt-cv-content">    Sentencia SU.174/07   ARBITRAMENTO-Definición/ARBITRAMENTO-Fundamentos constitucionales    ARBITRAMENTO-Elementos de la definición   En nuestro ordenamiento jurídico, el arbitramento se define a partir de dos elementos constitutivos básicos: (1) la función principal de los árbitros es la de resolver en forma definitiva una disputa, conflicto o controversia, de índole fáctica o jurídica – por lo cual, desde esta perspectiva, los árbitros cumplen una función de tipo jurisdiccional; y (2) la fuente de las funciones jurisdiccionales de los árbitros no es un acto del Estado – aunque es la Constitución Política la que provee su fundamento último-, sino un contrato o ...<br /><div class="pt-cv-rmwrap"><a href="https://www.dmsjuridica.com/buscador_20179478954/corteconstitucionalcronologico202454587/su174-07/" class="_self pt-cv-readmore btn btn-success" target="_self">Ver Sentencia Completa...</a></div></div></div></div></div></div></div>
