{"id":29694,"date":"2024-07-16T11:38:24","date_gmt":"2024-07-16T16:38:24","guid":{"rendered":"https:\/\/www.dmsjuridica.com\/buscador_20179478954\/corteconstitucionalcronologico202454587\/?page_id=29694"},"modified":"2024-07-16T11:38:24","modified_gmt":"2024-07-16T16:38:24","slug":"su-2009","status":"publish","type":"page","link":"https:\/\/www.dmsjuridica.com\/buscador_20179478954\/corteconstitucionalcronologico202454587\/su-2009\/","title":{"rendered":"SU 2009"},"content":{"rendered":"<div class=\"pt-cv-wrapper\"><div class=\"pt-cv-view pt-cv-grid pt-cv-colsys\" id=\"pt-cv-view-c47acc29pt\"><div data-id=\"pt-cv-page-1\" class=\"pt-cv-page\" data-cvc=\"1\"><div class=\"col-md-12 col-sm-12 col-xs-12 pt-cv-content-item pt-cv-1-col\" ><div class='pt-cv-ifield'><a href=\"https:\/\/www.dmsjuridica.com\/buscador_20179478954\/corteconstitucionalcronologico202454587\/t-069-26\/\" class=\"_self pt-cv-href-thumbnail pt-cv-thumb-default\" target=\"_self\" ><\/a>\n<div class=\"pt-cv-taxoterm above_title\"><a href='https:\/\/www.dmsjuridica.com\/buscador_20179478954\/corteconstitucionalcronologico202454587\/category\/buscar-en-toda-la-corte\/2026\/tutelas-2026\/' title='Tutelas 2026' class='pt-cv-tax-tutelas-2026'>Tutelas 2026<\/a><\/div>\n<h4 class=\"pt-cv-title\"><a href=\"https:\/\/www.dmsjuridica.com\/buscador_20179478954\/corteconstitucionalcronologico202454587\/t-069-26\/\" class=\"_self\" target=\"_self\" >T-069-26<\/a><\/h4>\n<div class=\"pt-cv-content\">REP\u00daBLICA\u00a0DE\u00a0COLOMBIA CORTE\u00a0CONSTITUCIONAL Sala Primera de Revisi\u00f3n \u00a0 Sentencia T-069 de 2026 Referencia:\u00a0expediente T-11.285.877 Asunto: acci\u00f3n de tutela instaurada por\u00a0Camila\u00a0contra el Juzgado 004 Penal del Circuito Buenaventura y otro. Magistrada ponente: Natalia \u00c1ngel Cabo. Bogot\u00e1, D.C., veintis\u00e9is (26) de marzo de dos mil veintis\u00e9is (2026). La Sala Primera de Revisi\u00f3n de la Corte Constitucional, integrada por la magistrada Natalia \u00c1ngel Cabo, quien la preside, y los magistrados H\u00e9ctor Alfonso Carvajal Londo\u00f1o y Carlos Camargo Assis, en ejercicio de sus competencias constitucionales y legales, profiere la siguiente: SENTENCIA. \u00a0 S\u00edntesis \u00a0 Camila\u00a0fue condenada a nueve a\u00f1os de prisi\u00f3n por el\u00a0Juzgado 004 Penal ...<br \/><div class=\"pt-cv-rmwrap\"><a href=\"https:\/\/www.dmsjuridica.com\/buscador_20179478954\/corteconstitucionalcronologico202454587\/t-069-26\/\" class=\"_self pt-cv-readmore btn btn-success\" target=\"_self\">Ver Sentencia Completa...<\/a><\/div><\/div><\/div><\/div>\n<div class=\"col-md-12 col-sm-12 col-xs-12 pt-cv-content-item pt-cv-1-col\" ><div class='pt-cv-ifield'><a href=\"https:\/\/www.dmsjuridica.com\/buscador_20179478954\/corteconstitucionalcronologico202454587\/t-061-26\/\" class=\"_self pt-cv-href-thumbnail pt-cv-thumb-default\" target=\"_self\" ><\/a>\n<div class=\"pt-cv-taxoterm above_title\"><a href='https:\/\/www.dmsjuridica.com\/buscador_20179478954\/corteconstitucionalcronologico202454587\/category\/buscar-en-toda-la-corte\/2026\/tutelas-2026\/' title='Tutelas 2026' class='pt-cv-tax-tutelas-2026'>Tutelas 2026<\/a><\/div>\n<h4 class=\"pt-cv-title\"><a href=\"https:\/\/www.dmsjuridica.com\/buscador_20179478954\/corteconstitucionalcronologico202454587\/t-061-26\/\" class=\"_self\" target=\"_self\" >T-061-26<\/a><\/h4>\n<div class=\"pt-cv-content\">REP\u00daBLICA DE COLOMBIA CORTE CONSTITUCIONAL -Sala Cuarta de Revisi\u00f3n- \u00a0 SENTENCIA T-061 DE 2026 \u00a0 Referencia:\u00a0Expediente T-11.208.126. Asunto:\u00a0Acci\u00f3n de tutela instaurada por\u00a0Violeta\u00a0en contra del\u00a0Tribunal Administrativo. Tema:\u00a0Tutela contra providencia judicial, con la finalidad de que se reconozca una sustituci\u00f3n pensional para una persona en situaci\u00f3n de discapacidad. Magistrado ponente:\u00a0Vladimir Fern\u00e1ndez Andrade. \u00a0 S\u00edntesis de la decisi\u00f3n:\u00a0En esta oportunidad, la Sala Cuarta de Revisi\u00f3n revis\u00f3 las decisiones de los jueces de instancia en el marco de la acci\u00f3n de tutela instaurada por\u00a0Violeta\u00a0en contra del\u00a0Tribunal Administrativo, al considerar vulnerados sus derechos fundamentales al debido proceso, a la seguridad social, al m\u00ednimo vital, a ...<br \/><div class=\"pt-cv-rmwrap\"><a href=\"https:\/\/www.dmsjuridica.com\/buscador_20179478954\/corteconstitucionalcronologico202454587\/t-061-26\/\" class=\"_self pt-cv-readmore btn btn-success\" target=\"_self\">Ver Sentencia Completa...<\/a><\/div><\/div><\/div><\/div><\/div><\/div><\/div>\n","protected":false},"excerpt":{"rendered":"","protected":false},"author":1,"featured_media":0,"parent":0,"menu_order":0,"comment_status":"closed","ping_status":"closed","template":"","meta":{"footnotes":""},"class_list":["post-29694","page","type-page","status-publish","hentry"],"_links":{"self":[{"href":"https:\/\/www.dmsjuridica.com\/buscador_20179478954\/corteconstitucionalcronologico202454587\/wp-json\/wp\/v2\/pages\/29694","targetHints":{"allow":["GET"]}}],"collection":[{"href":"https:\/\/www.dmsjuridica.com\/buscador_20179478954\/corteconstitucionalcronologico202454587\/wp-json\/wp\/v2\/pages"}],"about":[{"href":"https:\/\/www.dmsjuridica.com\/buscador_20179478954\/corteconstitucionalcronologico202454587\/wp-json\/wp\/v2\/types\/page"}],"author":[{"embeddable":true,"href":"https:\/\/www.dmsjuridica.com\/buscador_20179478954\/corteconstitucionalcronologico202454587\/wp-json\/wp\/v2\/users\/1"}],"replies":[{"embeddable":true,"href":"https:\/\/www.dmsjuridica.com\/buscador_20179478954\/corteconstitucionalcronologico202454587\/wp-json\/wp\/v2\/comments?post=29694"}],"version-history":[{"count":1,"href":"https:\/\/www.dmsjuridica.com\/buscador_20179478954\/corteconstitucionalcronologico202454587\/wp-json\/wp\/v2\/pages\/29694\/revisions"}],"predecessor-version":[{"id":29695,"href":"https:\/\/www.dmsjuridica.com\/buscador_20179478954\/corteconstitucionalcronologico202454587\/wp-json\/wp\/v2\/pages\/29694\/revisions\/29695"}],"wp:attachment":[{"href":"https:\/\/www.dmsjuridica.com\/buscador_20179478954\/corteconstitucionalcronologico202454587\/wp-json\/wp\/v2\/media?parent=29694"}],"curies":[{"name":"wp","href":"https:\/\/api.w.org\/{rel}","templated":true}]}}

<div class="pt-cv-wrapper"><div class="pt-cv-view pt-cv-grid pt-cv-colsys" id="pt-cv-view-c47acc29pt"><div data-id="pt-cv-page-1" class="pt-cv-page" data-cvc="1"><div class="col-md-12 col-sm-12 col-xs-12 pt-cv-content-item pt-cv-1-col" ><div class='pt-cv-ifield'><a href="https://www.dmsjuridica.com/buscador_20179478954/corteconstitucionalcronologico202454587/t-069-26/" class="_self pt-cv-href-thumbnail pt-cv-thumb-default" target="_self" ></a>
<div class="pt-cv-taxoterm above_title"><a href='https://www.dmsjuridica.com/buscador_20179478954/corteconstitucionalcronologico202454587/category/buscar-en-toda-la-corte/2026/tutelas-2026/' title='Tutelas 2026' class='pt-cv-tax-tutelas-2026'>Tutelas 2026</a></div>
<h4 class="pt-cv-title"><a href="https://www.dmsjuridica.com/buscador_20179478954/corteconstitucionalcronologico202454587/t-069-26/" class="_self" target="_self" >T-069-26</a></h4>
<div class="pt-cv-content">REPÚBLICA DE COLOMBIA CORTE CONSTITUCIONAL Sala Primera de Revisión   Sentencia T-069 de 2026 Referencia: expediente T-11.285.877 Asunto: acción de tutela instaurada por Camila contra el Juzgado 004 Penal del Circuito Buenaventura y otro. Magistrada ponente: Natalia Ángel Cabo. Bogotá, D.C., veintiséis (26) de marzo de dos mil veintiséis (2026). La Sala Primera de Revisión de la Corte Constitucional, integrada por la magistrada Natalia Ángel Cabo, quien la preside, y los magistrados Héctor Alfonso Carvajal Londoño y Carlos Camargo Assis, en ejercicio de sus competencias constitucionales y legales, profiere la siguiente: SENTENCIA.   Síntesis   Camila fue condenada a nueve años de prisión por el Juzgado 004 Penal ...<br /><div class="pt-cv-rmwrap"><a href="https://www.dmsjuridica.com/buscador_20179478954/corteconstitucionalcronologico202454587/t-069-26/" class="_self pt-cv-readmore btn btn-success" target="_self">Ver Sentencia Completa...</a></div></div></div></div>
<div class="col-md-12 col-sm-12 col-xs-12 pt-cv-content-item pt-cv-1-col" ><div class='pt-cv-ifield'><a href="https://www.dmsjuridica.com/buscador_20179478954/corteconstitucionalcronologico202454587/t-061-26/" class="_self pt-cv-href-thumbnail pt-cv-thumb-default" target="_self" ></a>
<div class="pt-cv-taxoterm above_title"><a href='https://www.dmsjuridica.com/buscador_20179478954/corteconstitucionalcronologico202454587/category/buscar-en-toda-la-corte/2026/tutelas-2026/' title='Tutelas 2026' class='pt-cv-tax-tutelas-2026'>Tutelas 2026</a></div>
<h4 class="pt-cv-title"><a href="https://www.dmsjuridica.com/buscador_20179478954/corteconstitucionalcronologico202454587/t-061-26/" class="_self" target="_self" >T-061-26</a></h4>
<div class="pt-cv-content">REPÚBLICA DE COLOMBIA CORTE CONSTITUCIONAL -Sala Cuarta de Revisión-   SENTENCIA T-061 DE 2026   Referencia: Expediente T-11.208.126. Asunto: Acción de tutela instaurada por Violeta en contra del Tribunal Administrativo. Tema: Tutela contra providencia judicial, con la finalidad de que se reconozca una sustitución pensional para una persona en situación de discapacidad. Magistrado ponente: Vladimir Fernández Andrade.   Síntesis de la decisión: En esta oportunidad, la Sala Cuarta de Revisión revisó las decisiones de los jueces de instancia en el marco de la acción de tutela instaurada por Violeta en contra del Tribunal Administrativo, al considerar vulnerados sus derechos fundamentales al debido proceso, a la seguridad social, al mínimo vital, a ...<br /><div class="pt-cv-rmwrap"><a href="https://www.dmsjuridica.com/buscador_20179478954/corteconstitucionalcronologico202454587/t-061-26/" class="_self pt-cv-readmore btn btn-success" target="_self">Ver Sentencia Completa...</a></div></div></div></div></div></div></div>
