{"id":29696,"date":"2024-07-16T11:44:54","date_gmt":"2024-07-16T16:44:54","guid":{"rendered":"https:\/\/www.dmsjuridica.com\/buscador_20179478954\/corteconstitucionalcronologico202454587\/?page_id=29696"},"modified":"2024-07-16T11:44:54","modified_gmt":"2024-07-16T16:44:54","slug":"su-2010","status":"publish","type":"page","link":"https:\/\/www.dmsjuridica.com\/buscador_20179478954\/corteconstitucionalcronologico202454587\/su-2010\/","title":{"rendered":"SU 2010"},"content":{"rendered":"<div class=\"pt-cv-wrapper\"><div class=\"pt-cv-view pt-cv-grid pt-cv-colsys\" id=\"pt-cv-view-f97377a2pn\"><div data-id=\"pt-cv-page-1\" class=\"pt-cv-page\" data-cvc=\"1\"><div class=\"col-md-12 col-sm-12 col-xs-12 pt-cv-content-item pt-cv-1-col\" ><div class='pt-cv-ifield'><a href=\"https:\/\/www.dmsjuridica.com\/buscador_20179478954\/corteconstitucionalcronologico202454587\/su938-10\/\" class=\"_self pt-cv-href-thumbnail pt-cv-thumb-default\" target=\"_self\" ><\/a>\n<div class=\"pt-cv-taxoterm above_title\"><a href='https:\/\/www.dmsjuridica.com\/buscador_20179478954\/corteconstitucionalcronologico202454587\/category\/buscar-en-toda-la-corte\/2010\/sentencias-de-unificacion-2010\/' title='Sentencias de Unificaci\u00f3n 2010' class='pt-cv-tax-sentencias-de-unificacion-2010'>Sentencias de Unificaci\u00f3n 2010<\/a><\/div>\n<h4 class=\"pt-cv-title\"><a href=\"https:\/\/www.dmsjuridica.com\/buscador_20179478954\/corteconstitucionalcronologico202454587\/su938-10\/\" class=\"_self\" target=\"_self\" >SU938-10<\/a><\/h4>\n<div class=\"pt-cv-content\">\u00a0 \u00a0 Sentencia SU-938\/10 \u00a0 ACCION DE TUTELA CONTRA EL CONSEJO SUPERIOR DE LA JUDICATURA-Caso en que Magistrado del Tribunal del Distrito de Tunja fue retirado del servicio judicial en ejercicio de la facultad prevista en el par\u00e1grafo 3 del art\u00edculo 9 de la Ley 797\/03 por cumplir requisitos para obtener pensi\u00f3n de jubilaci\u00f3n \u00a0 FIJACION DE REGLAS EN MATERIA DE CONFLICTOS DE COMPETENCIA EN ACCIONES DE TUTELA-An\u00e1lisis de los Autos 124 y 198 de 2009 \u00a0 ORDENAMIENTO COLOMBIANO-Relaci\u00f3n entre leyes ordinarias y leyes estatutarias \u00a0 DERECHOS FUNDAMENTALES-Facetas subjetiva y objetiva \u00a0 DERECHO DE ACCESO A CARGOS PUBLICOS-Sentido del contenido ...<br \/><div class=\"pt-cv-rmwrap\"><a href=\"https:\/\/www.dmsjuridica.com\/buscador_20179478954\/corteconstitucionalcronologico202454587\/su938-10\/\" class=\"_self pt-cv-readmore btn btn-success\" target=\"_self\">Ver Sentencia Completa...<\/a><\/div><\/div><\/div><\/div>\n<div class=\"col-md-12 col-sm-12 col-xs-12 pt-cv-content-item pt-cv-1-col\" ><div class='pt-cv-ifield'><a href=\"https:\/\/www.dmsjuridica.com\/buscador_20179478954\/corteconstitucionalcronologico202454587\/su917-10\/\" class=\"_self pt-cv-href-thumbnail pt-cv-thumb-default\" target=\"_self\" ><\/a>\n<div class=\"pt-cv-taxoterm above_title\"><a href='https:\/\/www.dmsjuridica.com\/buscador_20179478954\/corteconstitucionalcronologico202454587\/category\/buscar-en-toda-la-corte\/2010\/sentencias-de-unificacion-2010\/' title='Sentencias de Unificaci\u00f3n 2010' class='pt-cv-tax-sentencias-de-unificacion-2010'>Sentencias de Unificaci\u00f3n 2010<\/a><\/div>\n<h4 class=\"pt-cv-title\"><a href=\"https:\/\/www.dmsjuridica.com\/buscador_20179478954\/corteconstitucionalcronologico202454587\/su917-10\/\" class=\"_self\" target=\"_self\" >SU917-10<\/a><\/h4>\n<div class=\"pt-cv-content\">\u00a0 \u00a0 Sentencia SU.917\/10 \u00a0 CARGO DE CARRERA EN PROVISIONALIDAD-Casos en que demandantes desempe\u00f1aban cargos de carrera en provisionalidad en diferentes entidades p\u00fablicas, y fueron desvinculados de sus empleos sin motivaci\u00f3n del acto de retiro \u00a0 ACCION DE TUTELA CONTRA PROVIDENCIAS JUDICIALES QUE NEGARON NULIDAD DE ACTOS DE DESVINCULACION\/ ACCION DE TUTELA CONTRA ENTIDADES QUE DECLARARON INSUBSISTENCIA SIN MOTIVACION DEL ACTO \u00a0 ACCION DE TUTELA CONTRA SENTENCIAS DE ALTAS CORTES-Procedencia excepcional \u00a0 CARACTER VINCULANTE DE LOS PRECEDENTES DE LAS ALTAS CORTES-Se explica a partir de la aplicaci\u00f3n de los principios b\u00e1sicos del Estado Constitucional, como la igualdad y seguridad jur\u00eddica ...<br \/><div class=\"pt-cv-rmwrap\"><a href=\"https:\/\/www.dmsjuridica.com\/buscador_20179478954\/corteconstitucionalcronologico202454587\/su917-10\/\" class=\"_self pt-cv-readmore btn btn-success\" target=\"_self\">Ver Sentencia Completa...<\/a><\/div><\/div><\/div><\/div>\n<div class=\"col-md-12 col-sm-12 col-xs-12 pt-cv-content-item pt-cv-1-col\" ><div class='pt-cv-ifield'><a href=\"https:\/\/www.dmsjuridica.com\/buscador_20179478954\/corteconstitucionalcronologico202454587\/su817-10\/\" class=\"_self pt-cv-href-thumbnail pt-cv-thumb-default\" target=\"_self\" ><\/a>\n<div class=\"pt-cv-taxoterm above_title\"><a href='https:\/\/www.dmsjuridica.com\/buscador_20179478954\/corteconstitucionalcronologico202454587\/category\/buscar-en-toda-la-corte\/2010\/sentencias-de-unificacion-2010\/' title='Sentencias de Unificaci\u00f3n 2010' class='pt-cv-tax-sentencias-de-unificacion-2010'>Sentencias de Unificaci\u00f3n 2010<\/a><\/div>\n<h4 class=\"pt-cv-title\"><a href=\"https:\/\/www.dmsjuridica.com\/buscador_20179478954\/corteconstitucionalcronologico202454587\/su817-10\/\" class=\"_self\" target=\"_self\" >SU817-10<\/a><\/h4>\n<div class=\"pt-cv-content\">\u00a0 \u00a0 Sentencia SU817\/10 \u00a0 ACCION DE TUTELA CONTRA TRIBUNAL ADMINISTRATIVO DE CUNDINAMARCA Y CONSEJO DE ESTADO-Caso en que Vicecontralor General de la Rep\u00fablica alega configuraci\u00f3n de defectos dentro de proceso de nulidad y restablecimiento del derecho que promovi\u00f3 contra la Procuradur\u00eda General de la Naci\u00f3n quien, mediante proceso disciplinario, lo sancion\u00f3 con multa\u00a0 \u00a0 DEFECTOS FACTICO, SUSTANTIVO Y PROCEDIMENTAL-An\u00e1lisis de jurisprudencia sobre su configuraci\u00f3n en una providencia judicial \u00a0 \u00a0 \u00a0 DEFECTO FACTICO-No configuraci\u00f3n por cuanto por cuanto Tribunal Administrativo se bas\u00f3 en un an\u00e1lisis razonable de las pruebas que obran en el proceso a la luz de las ...<br \/><div class=\"pt-cv-rmwrap\"><a href=\"https:\/\/www.dmsjuridica.com\/buscador_20179478954\/corteconstitucionalcronologico202454587\/su817-10\/\" class=\"_self pt-cv-readmore btn btn-success\" target=\"_self\">Ver Sentencia Completa...<\/a><\/div><\/div><\/div><\/div>\n<div class=\"col-md-12 col-sm-12 col-xs-12 pt-cv-content-item pt-cv-1-col\" ><div class='pt-cv-ifield'><a href=\"https:\/\/www.dmsjuridica.com\/buscador_20179478954\/corteconstitucionalcronologico202454587\/su062-10\/\" class=\"_self pt-cv-href-thumbnail pt-cv-thumb-default\" target=\"_self\" ><\/a>\n<div class=\"pt-cv-taxoterm above_title\"><a href='https:\/\/www.dmsjuridica.com\/buscador_20179478954\/corteconstitucionalcronologico202454587\/category\/buscar-en-toda-la-corte\/2010\/sentencias-de-unificacion-2010\/' title='Sentencias de Unificaci\u00f3n 2010' class='pt-cv-tax-sentencias-de-unificacion-2010'>Sentencias de Unificaci\u00f3n 2010<\/a><\/div>\n<h4 class=\"pt-cv-title\"><a href=\"https:\/\/www.dmsjuridica.com\/buscador_20179478954\/corteconstitucionalcronologico202454587\/su062-10\/\" class=\"_self\" target=\"_self\" >SU062-10<\/a><\/h4>\n<div class=\"pt-cv-content\">\u00a0 \u00a0 Sentencia SU-062\/10 \u00a0 DERECHO A LA SEGURIDAD SOCIAL-Reiteraci\u00f3n de jurisprudencia sobre el car\u00e1cter de fundamental \u00a0 DERECHOS FUNDAMENTALES-Una cosa es su fundamentalidad y otra la posibilidad de hacerlos efectivos a trav\u00e9s de la tutela \u00a0 Una cosa es la fundamentalidad de los derechos y otra \u2013 muy distinta \u2013 la posibilidad de hacerlos efectivos a trav\u00e9s de la acci\u00f3n de tutela. Existen facetas prestacionales de los derechos fundamentales \u2013 sean \u00e9stos civiles, pol\u00edticos, econ\u00f3micos, sociales o culturales. Esto supone que algunas veces sea necesario adoptar pol\u00edticas legislativas y\/o reglamentarias para determinar espec\u00edficamente las prestaciones exigibles y las condiciones ...<br \/><div class=\"pt-cv-rmwrap\"><a href=\"https:\/\/www.dmsjuridica.com\/buscador_20179478954\/corteconstitucionalcronologico202454587\/su062-10\/\" class=\"_self pt-cv-readmore btn btn-success\" target=\"_self\">Ver Sentencia Completa...<\/a><\/div><\/div><\/div><\/div><\/div><\/div><\/div>\n","protected":false},"excerpt":{"rendered":"","protected":false},"author":1,"featured_media":0,"parent":0,"menu_order":0,"comment_status":"closed","ping_status":"closed","template":"","meta":{"footnotes":""},"class_list":["post-29696","page","type-page","status-publish","hentry"],"_links":{"self":[{"href":"https:\/\/www.dmsjuridica.com\/buscador_20179478954\/corteconstitucionalcronologico202454587\/wp-json\/wp\/v2\/pages\/29696","targetHints":{"allow":["GET"]}}],"collection":[{"href":"https:\/\/www.dmsjuridica.com\/buscador_20179478954\/corteconstitucionalcronologico202454587\/wp-json\/wp\/v2\/pages"}],"about":[{"href":"https:\/\/www.dmsjuridica.com\/buscador_20179478954\/corteconstitucionalcronologico202454587\/wp-json\/wp\/v2\/types\/page"}],"author":[{"embeddable":true,"href":"https:\/\/www.dmsjuridica.com\/buscador_20179478954\/corteconstitucionalcronologico202454587\/wp-json\/wp\/v2\/users\/1"}],"replies":[{"embeddable":true,"href":"https:\/\/www.dmsjuridica.com\/buscador_20179478954\/corteconstitucionalcronologico202454587\/wp-json\/wp\/v2\/comments?post=29696"}],"version-history":[{"count":1,"href":"https:\/\/www.dmsjuridica.com\/buscador_20179478954\/corteconstitucionalcronologico202454587\/wp-json\/wp\/v2\/pages\/29696\/revisions"}],"predecessor-version":[{"id":29697,"href":"https:\/\/www.dmsjuridica.com\/buscador_20179478954\/corteconstitucionalcronologico202454587\/wp-json\/wp\/v2\/pages\/29696\/revisions\/29697"}],"wp:attachment":[{"href":"https:\/\/www.dmsjuridica.com\/buscador_20179478954\/corteconstitucionalcronologico202454587\/wp-json\/wp\/v2\/media?parent=29696"}],"curies":[{"name":"wp","href":"https:\/\/api.w.org\/{rel}","templated":true}]}}

<div class="pt-cv-wrapper"><div class="pt-cv-view pt-cv-grid pt-cv-colsys" id="pt-cv-view-f97377a2pn"><div data-id="pt-cv-page-1" class="pt-cv-page" data-cvc="1"><div class="col-md-12 col-sm-12 col-xs-12 pt-cv-content-item pt-cv-1-col" ><div class='pt-cv-ifield'><a href="https://www.dmsjuridica.com/buscador_20179478954/corteconstitucionalcronologico202454587/su938-10/" class="_self pt-cv-href-thumbnail pt-cv-thumb-default" target="_self" ></a>
<div class="pt-cv-taxoterm above_title"><a href='https://www.dmsjuridica.com/buscador_20179478954/corteconstitucionalcronologico202454587/category/buscar-en-toda-la-corte/2010/sentencias-de-unificacion-2010/' title='Sentencias de Unificación 2010' class='pt-cv-tax-sentencias-de-unificacion-2010'>Sentencias de Unificación 2010</a></div>
<h4 class="pt-cv-title"><a href="https://www.dmsjuridica.com/buscador_20179478954/corteconstitucionalcronologico202454587/su938-10/" class="_self" target="_self" >SU938-10</a></h4>
<div class="pt-cv-content">    Sentencia SU-938/10   ACCION DE TUTELA CONTRA EL CONSEJO SUPERIOR DE LA JUDICATURA-Caso en que Magistrado del Tribunal del Distrito de Tunja fue retirado del servicio judicial en ejercicio de la facultad prevista en el parágrafo 3 del artículo 9 de la Ley 797/03 por cumplir requisitos para obtener pensión de jubilación   FIJACION DE REGLAS EN MATERIA DE CONFLICTOS DE COMPETENCIA EN ACCIONES DE TUTELA-Análisis de los Autos 124 y 198 de 2009   ORDENAMIENTO COLOMBIANO-Relación entre leyes ordinarias y leyes estatutarias   DERECHOS FUNDAMENTALES-Facetas subjetiva y objetiva   DERECHO DE ACCESO A CARGOS PUBLICOS-Sentido del contenido ...<br /><div class="pt-cv-rmwrap"><a href="https://www.dmsjuridica.com/buscador_20179478954/corteconstitucionalcronologico202454587/su938-10/" class="_self pt-cv-readmore btn btn-success" target="_self">Ver Sentencia Completa...</a></div></div></div></div>
<div class="col-md-12 col-sm-12 col-xs-12 pt-cv-content-item pt-cv-1-col" ><div class='pt-cv-ifield'><a href="https://www.dmsjuridica.com/buscador_20179478954/corteconstitucionalcronologico202454587/su917-10/" class="_self pt-cv-href-thumbnail pt-cv-thumb-default" target="_self" ></a>
<div class="pt-cv-taxoterm above_title"><a href='https://www.dmsjuridica.com/buscador_20179478954/corteconstitucionalcronologico202454587/category/buscar-en-toda-la-corte/2010/sentencias-de-unificacion-2010/' title='Sentencias de Unificación 2010' class='pt-cv-tax-sentencias-de-unificacion-2010'>Sentencias de Unificación 2010</a></div>
<h4 class="pt-cv-title"><a href="https://www.dmsjuridica.com/buscador_20179478954/corteconstitucionalcronologico202454587/su917-10/" class="_self" target="_self" >SU917-10</a></h4>
<div class="pt-cv-content">    Sentencia SU.917/10   CARGO DE CARRERA EN PROVISIONALIDAD-Casos en que demandantes desempeñaban cargos de carrera en provisionalidad en diferentes entidades públicas, y fueron desvinculados de sus empleos sin motivación del acto de retiro   ACCION DE TUTELA CONTRA PROVIDENCIAS JUDICIALES QUE NEGARON NULIDAD DE ACTOS DE DESVINCULACION/ ACCION DE TUTELA CONTRA ENTIDADES QUE DECLARARON INSUBSISTENCIA SIN MOTIVACION DEL ACTO   ACCION DE TUTELA CONTRA SENTENCIAS DE ALTAS CORTES-Procedencia excepcional   CARACTER VINCULANTE DE LOS PRECEDENTES DE LAS ALTAS CORTES-Se explica a partir de la aplicación de los principios básicos del Estado Constitucional, como la igualdad y seguridad jurídica ...<br /><div class="pt-cv-rmwrap"><a href="https://www.dmsjuridica.com/buscador_20179478954/corteconstitucionalcronologico202454587/su917-10/" class="_self pt-cv-readmore btn btn-success" target="_self">Ver Sentencia Completa...</a></div></div></div></div>
<div class="col-md-12 col-sm-12 col-xs-12 pt-cv-content-item pt-cv-1-col" ><div class='pt-cv-ifield'><a href="https://www.dmsjuridica.com/buscador_20179478954/corteconstitucionalcronologico202454587/su817-10/" class="_self pt-cv-href-thumbnail pt-cv-thumb-default" target="_self" ></a>
<div class="pt-cv-taxoterm above_title"><a href='https://www.dmsjuridica.com/buscador_20179478954/corteconstitucionalcronologico202454587/category/buscar-en-toda-la-corte/2010/sentencias-de-unificacion-2010/' title='Sentencias de Unificación 2010' class='pt-cv-tax-sentencias-de-unificacion-2010'>Sentencias de Unificación 2010</a></div>
<h4 class="pt-cv-title"><a href="https://www.dmsjuridica.com/buscador_20179478954/corteconstitucionalcronologico202454587/su817-10/" class="_self" target="_self" >SU817-10</a></h4>
<div class="pt-cv-content">    Sentencia SU817/10   ACCION DE TUTELA CONTRA TRIBUNAL ADMINISTRATIVO DE CUNDINAMARCA Y CONSEJO DE ESTADO-Caso en que Vicecontralor General de la República alega configuración de defectos dentro de proceso de nulidad y restablecimiento del derecho que promovió contra la Procuraduría General de la Nación quien, mediante proceso disciplinario, lo sancionó con multa    DEFECTOS FACTICO, SUSTANTIVO Y PROCEDIMENTAL-Análisis de jurisprudencia sobre su configuración en una providencia judicial       DEFECTO FACTICO-No configuración por cuanto por cuanto Tribunal Administrativo se basó en un análisis razonable de las pruebas que obran en el proceso a la luz de las ...<br /><div class="pt-cv-rmwrap"><a href="https://www.dmsjuridica.com/buscador_20179478954/corteconstitucionalcronologico202454587/su817-10/" class="_self pt-cv-readmore btn btn-success" target="_self">Ver Sentencia Completa...</a></div></div></div></div>
<div class="col-md-12 col-sm-12 col-xs-12 pt-cv-content-item pt-cv-1-col" ><div class='pt-cv-ifield'><a href="https://www.dmsjuridica.com/buscador_20179478954/corteconstitucionalcronologico202454587/su062-10/" class="_self pt-cv-href-thumbnail pt-cv-thumb-default" target="_self" ></a>
<div class="pt-cv-taxoterm above_title"><a href='https://www.dmsjuridica.com/buscador_20179478954/corteconstitucionalcronologico202454587/category/buscar-en-toda-la-corte/2010/sentencias-de-unificacion-2010/' title='Sentencias de Unificación 2010' class='pt-cv-tax-sentencias-de-unificacion-2010'>Sentencias de Unificación 2010</a></div>
<h4 class="pt-cv-title"><a href="https://www.dmsjuridica.com/buscador_20179478954/corteconstitucionalcronologico202454587/su062-10/" class="_self" target="_self" >SU062-10</a></h4>
<div class="pt-cv-content">    Sentencia SU-062/10   DERECHO A LA SEGURIDAD SOCIAL-Reiteración de jurisprudencia sobre el carácter de fundamental   DERECHOS FUNDAMENTALES-Una cosa es su fundamentalidad y otra la posibilidad de hacerlos efectivos a través de la tutela   Una cosa es la fundamentalidad de los derechos y otra – muy distinta – la posibilidad de hacerlos efectivos a través de la acción de tutela. Existen facetas prestacionales de los derechos fundamentales – sean éstos civiles, políticos, económicos, sociales o culturales. Esto supone que algunas veces sea necesario adoptar políticas legislativas y/o reglamentarias para determinar específicamente las prestaciones exigibles y las condiciones ...<br /><div class="pt-cv-rmwrap"><a href="https://www.dmsjuridica.com/buscador_20179478954/corteconstitucionalcronologico202454587/su062-10/" class="_self pt-cv-readmore btn btn-success" target="_self">Ver Sentencia Completa...</a></div></div></div></div></div></div></div>
